CRAN Package Check Results for Package DSAIDE

Last updated on 2020-02-25 04:48:00 CET.

Flavor Version Tinstall Tcheck Ttotal Status Flags
r-devel-linux-x86_64-debian-clang 0.8.3 10.45 109.02 119.47 OK
r-devel-linux-x86_64-debian-gcc 0.8.3 6.91 79.53 86.44 OK
r-devel-linux-x86_64-fedora-clang 0.8.3 145.93 OK
r-devel-linux-x86_64-fedora-gcc 0.8.3 130.45 OK
r-devel-windows-ix86+x86_64 0.8.3 21.00 113.00 134.00 OK
r-devel-windows-ix86+x86_64-gcc8 0.8.3 35.00 159.00 194.00 OK
r-patched-linux-x86_64 0.8.3 9.03 95.55 104.58 OK
r-patched-solaris-x86 0.8.3 171.90 NOTE
r-release-linux-x86_64 0.8.3 8.26 94.08 102.34 OK
r-release-windows-ix86+x86_64 0.8.3 19.00 110.00 129.00 OK
r-release-osx-x86_64 0.8.3 OK
r-oldrel-windows-ix86+x86_64 0.8.3 12.00 124.00 136.00 OK
r-oldrel-osx-x86_64 0.8.3 OK

Check Details

Version: 0.8.3
Check: installed package size
Result: NOTE
     installed size is 5.5Mb
     sub-directories of 1Mb or more:
     appinformation 4.2Mb
Flavor: r-patched-solaris-x86