Last updated on 2025-01-20 19:49:12 CET.
Flavor | Version | Tinstall | Tcheck | Ttotal | Status | Flags |
---|---|---|---|---|---|---|
r-devel-linux-x86_64-debian-clang | 0.9.6 | 9.43 | 134.27 | 143.70 | OK | |
r-devel-linux-x86_64-debian-gcc | 0.9.6 | 5.69 | 85.67 | 91.36 | OK | |
r-devel-linux-x86_64-fedora-clang | 0.9.6 | 231.39 | OK | |||
r-devel-linux-x86_64-fedora-gcc | 0.9.6 | 226.34 | OK | |||
r-devel-windows-x86_64 | 0.9.6 | 11.00 | 140.00 | 151.00 | OK | |
r-patched-linux-x86_64 | 0.9.6 | 9.94 | 123.43 | 133.37 | OK | |
r-release-linux-x86_64 | 0.9.6 | 9.30 | 122.84 | 132.14 | OK | |
r-release-macos-arm64 | 0.9.6 | 69.00 | NOTE | |||
r-release-macos-x86_64 | 0.9.6 | 104.00 | NOTE | |||
r-release-windows-x86_64 | 0.9.6 | 14.00 | 138.00 | 152.00 | NOTE | |
r-oldrel-macos-arm64 | 0.9.6 | 69.00 | NOTE | |||
r-oldrel-macos-x86_64 | 0.9.6 | 175.00 | NOTE | |||
r-oldrel-windows-x86_64 | 0.9.6 | 13.00 | 180.00 | 193.00 | NOTE |
Version: 0.9.6
Check: installed package size
Result: NOTE
installed size is 5.3Mb
sub-directories of 1Mb or more:
appinformation 4.1Mb
Flavors: r-release-macos-arm64, r-release-macos-x86_64, r-release-windows-x86_64, r-oldrel-macos-arm64, r-oldrel-macos-x86_64, r-oldrel-windows-x86_64