CRAN Package Check Results for Package DSBayes

Last updated on 2022-01-18 01:51:57 CET.

Flavor Version Tinstall Tcheck Ttotal Status Flags
r-devel-linux-x86_64-debian-clang 1.1 2.11 32.90 35.01 NOTE
r-devel-linux-x86_64-debian-gcc 1.1 1.41 25.35 26.76 NOTE
r-devel-linux-x86_64-fedora-clang 1.1 43.42 NOTE
r-devel-linux-x86_64-fedora-gcc 1.1 31.72 NOTE
r-devel-windows-x86_64-new-UL 1.1 17.00 51.00 68.00 NOTE
r-devel-windows-x86_64-new-TK 1.1 NOTE
r-patched-linux-x86_64 1.1 2.15 31.02 33.17 NOTE
r-release-linux-x86_64 1.1 NOTE
r-release-macos-arm64 1.1 NOTE
r-release-macos-x86_64 1.1 NOTE
r-release-windows-ix86+x86_64 1.1 5.00 44.00 49.00 NOTE
r-oldrel-macos-x86_64 1.1 NOTE
r-oldrel-windows-ix86+x86_64 1.1 5.00 41.00 46.00 NOTE

Check Details

Version: 1.1
Check: R code for possible problems
Result: NOTE
    DSBayes: no visible global function definition for 'qnorm'
    DSBayes: no visible global function definition for 'coef'
    DSBayes: no visible global function definition for 'vcov'
    DSBayes : MLE: no visible global function definition for 'qnorm'
    DSBayes: no visible global function definition for 'integrate'
    DSBayes : qfunc.numer : <anonymous>: no visible global function
     definition for 'dnorm'
    DSBayes : ds.numer: no visible global function definition for
     'integrate'
    DSBayes : lower: no visible global function definition for 'qlogis'
    DSBayes : lower: no visible global function definition for 'integrate'
    DSBayes : upper: no visible global function definition for 'qlogis'
    DSBayes : upper: no visible global function definition for 'integrate'
    DSBayes: no visible global function definition for 'optimize'
    DSBayes: no visible global function definition for 'uniroot'
    Undefined global functions or variables:
     coef dnorm integrate optimize qlogis qnorm uniroot vcov
    Consider adding
     importFrom("stats", "coef", "dnorm", "integrate", "optimize", "qlogis",
     "qnorm", "uniroot", "vcov")
    to your NAMESPACE file.
Flavors: r-devel-linux-x86_64-debian-clang, r-devel-linux-x86_64-debian-gcc, r-devel-linux-x86_64-fedora-clang, r-devel-linux-x86_64-fedora-gcc, r-devel-windows-x86_64-new-UL, r-devel-windows-x86_64-new-TK, r-patched-linux-x86_64, r-release-linux-x86_64, r-release-macos-arm64, r-release-macos-x86_64, r-release-windows-ix86+x86_64, r-oldrel-macos-x86_64, r-oldrel-windows-ix86+x86_64