CRAN Package Check Results for Package DSWE

Last updated on 2024-06-14 03:57:17 CEST.

Flavor Version Tinstall Tcheck Ttotal Status Flags
r-devel-linux-x86_64-debian-clang 1.8.2 103.29 146.73 250.02 OK
r-devel-linux-x86_64-debian-gcc 1.8.2 0.48 1.57 2.05 ERROR
r-devel-linux-x86_64-fedora-clang 1.8.2 326.51 OK
r-devel-linux-x86_64-fedora-gcc 1.8.2 339.03 OK
r-devel-windows-x86_64 1.8.2 75.00 134.00 209.00 OK
r-patched-linux-x86_64 1.8.2 82.53 141.25 223.78 OK
r-release-linux-x86_64 1.8.2 70.39 143.13 213.52 OK
r-release-macos-arm64 1.8.2 77.00 NOTE
r-release-macos-x86_64 1.8.2 105.00 NOTE
r-release-windows-x86_64 1.8.2 83.00 146.00 229.00 OK
r-oldrel-macos-arm64 1.8.2 73.00 NOTE
r-oldrel-macos-x86_64 1.8.2 170.00 NOTE
r-oldrel-windows-x86_64 1.8.2 95.00 172.00 267.00 OK

Check Details

Version: 1.8.2
Check: package dependencies
Result: ERROR Packages required but not available: 'mixtools', 'dplyr' See section ‘The DESCRIPTION file’ in the ‘Writing R Extensions’ manual. Flavor: r-devel-linux-x86_64-debian-gcc

Version: 1.8.2
Check: installed package size
Result: NOTE installed size is 8.2Mb sub-directories of 1Mb or more: data 2.8Mb libs 5.1Mb Flavors: r-release-macos-arm64, r-release-macos-x86_64, r-oldrel-macos-arm64, r-oldrel-macos-x86_64