CRAN Package Check Results for Package DTDA.cif

Last updated on 2022-11-26 13:03:07 CET.

Flavor Version Tinstall Tcheck Ttotal Status Flags
r-devel-linux-x86_64-debian-clang 1.0.2 20.03 40.15 60.18 NOTE
r-devel-linux-x86_64-debian-gcc 1.0.2 16.21 31.43 47.64 NOTE
r-devel-linux-x86_64-fedora-clang 1.0.2 98.82 NOTE
r-devel-windows-x86_64 1.0.2 24.00 83.00 107.00 NOTE
r-patched-linux-x86_64 1.0.2 NOTE
r-release-linux-x86_64 1.0.2 15.67 39.77 55.44 NOTE
r-release-macos-arm64 1.0.2 26.00 NOTE
r-release-macos-x86_64 1.0.2 38.00 NOTE
r-release-windows-x86_64 1.0.2 28.00 89.00 117.00 NOTE
r-oldrel-macos-arm64 1.0.2 33.00 NOTE
r-oldrel-macos-x86_64 1.0.2 46.00 NOTE
r-oldrel-windows-ix86+x86_64 1.0.2 49.00 95.00 144.00 NOTE

Check Details

Version: 1.0.2
Check: LazyData
Result: NOTE
     'LazyData' is specified without a 'data' directory
Flavors: r-devel-linux-x86_64-debian-clang, r-devel-linux-x86_64-debian-gcc, r-devel-linux-x86_64-fedora-clang, r-devel-windows-x86_64, r-patched-linux-x86_64, r-release-linux-x86_64, r-release-macos-arm64, r-release-macos-x86_64, r-release-windows-x86_64, r-oldrel-macos-arm64, r-oldrel-macos-x86_64, r-oldrel-windows-ix86+x86_64