CRAN Package Check Results for Package DTDA.ni

Last updated on 2020-03-28 21:47:43 CET.

Flavor Version Tinstall Tcheck Ttotal Status Flags
r-devel-linux-x86_64-debian-clang 1.0 NOTE
r-devel-linux-x86_64-debian-gcc 1.0 1.57 16.88 18.45 NOTE
r-devel-linux-x86_64-fedora-clang 1.0 30.60 OK
r-devel-linux-x86_64-fedora-gcc 1.0 27.21 OK
r-devel-windows-ix86+x86_64 1.0 7.00 30.00 37.00 NOTE
r-devel-windows-ix86+x86_64-gcc8 1.0 6.00 31.00 37.00 NOTE
r-patched-linux-x86_64 1.0 1.99 20.64 22.63 NOTE
r-patched-solaris-x86 1.0 44.80 OK
r-release-linux-x86_64 1.0 1.45 19.51 20.96 OK
r-release-windows-ix86+x86_64 1.0 9.00 47.00 56.00 OK
r-release-osx-x86_64 1.0 OK
r-oldrel-windows-ix86+x86_64 1.0 4.00 49.00 53.00 OK
r-oldrel-osx-x86_64 1.0 OK

Check Details

Version: 1.0
Check: package vignettes
Result: NOTE
    Package vignette with placeholder title 'Vignette Title':
     'vignette.Rmd'
Flavors: r-devel-linux-x86_64-debian-clang, r-devel-linux-x86_64-debian-gcc, r-devel-windows-ix86+x86_64, r-devel-windows-ix86+x86_64-gcc8, r-patched-linux-x86_64