CRAN Package Check Results for Package DTDA.ni

Last updated on 2019-06-27 12:54:14 CEST.

Flavor Version Tinstall Tcheck Ttotal Status Flags
r-devel-linux-x86_64-debian-clang 1.0 1.61 19.76 21.37 NOTE
r-devel-linux-x86_64-debian-gcc 1.0 1.18 15.95 17.13 NOTE
r-devel-linux-x86_64-fedora-clang 1.0 26.53 OK
r-devel-linux-x86_64-fedora-gcc 1.0 25.15 OK
r-devel-windows-ix86+x86_64 1.0 9.00 34.00 43.00 OK
r-patched-linux-x86_64 1.0 1.54 19.78 21.32 OK
r-patched-solaris-x86 1.0 42.00 OK
r-release-linux-x86_64 1.0 1.64 19.81 21.45 OK
r-release-windows-ix86+x86_64 1.0 4.00 45.00 49.00 OK
r-release-osx-x86_64 1.0 OK
r-oldrel-windows-ix86+x86_64 1.0 5.00 31.00 36.00 OK
r-oldrel-osx-x86_64 1.0 OK

Check Details

Version: 1.0
Check: package vignettes
Result: NOTE
    Package vignette with placeholder title 'Vignette Title':
     'vignette.Rmd'
Flavors: r-devel-linux-x86_64-debian-clang, r-devel-linux-x86_64-debian-gcc