CRAN Package Check Results for Package DTDA.ni

Last updated on 2019-09-18 20:46:48 CEST.

Flavor Version Tinstall Tcheck Ttotal Status Flags
r-devel-linux-x86_64-debian-clang 1.0 1.50 19.20 20.70 NOTE
r-devel-linux-x86_64-debian-gcc 1.0 1.45 15.69 17.14 NOTE
r-devel-linux-x86_64-fedora-clang 1.0 27.01 OK
r-devel-linux-x86_64-fedora-gcc 1.0 25.94 OK
r-devel-windows-ix86+x86_64 1.0 8.00 32.00 40.00 NOTE
r-patched-linux-x86_64 1.0 1.43 18.97 20.40 OK
r-patched-solaris-x86 1.0 40.60 OK
r-release-linux-x86_64 1.0 1.46 19.41 20.87 OK
r-release-windows-ix86+x86_64 1.0 6.00 32.00 38.00 OK
r-release-osx-x86_64 1.0 OK
r-oldrel-windows-ix86+x86_64 1.0 3.00 29.00 32.00 OK
r-oldrel-osx-x86_64 1.0 OK

Check Details

Version: 1.0
Check: package vignettes
Result: NOTE
    Package vignette with placeholder title 'Vignette Title':
     'vignette.Rmd'
Flavors: r-devel-linux-x86_64-debian-clang, r-devel-linux-x86_64-debian-gcc, r-devel-windows-ix86+x86_64