CRAN Package Check Results for Package DTK

Last updated on 2021-10-22 10:59:07 CEST.

Flavor Version Tinstall Tcheck Ttotal Status Flags
r-devel-linux-x86_64-debian-clang 3.5 2.09 19.31 21.40 NOTE
r-devel-linux-x86_64-debian-gcc 3.5 1.54 15.48 17.02 NOTE
r-devel-linux-x86_64-fedora-clang 3.5 36.96 NOTE
r-devel-linux-x86_64-fedora-gcc 3.5 26.25 NOTE
r-devel-windows-x86_64 3.5 3.00 33.00 36.00 NOTE
r-devel-windows-x86_64-gcc10-UCRT 3.5 NOTE
r-patched-linux-x86_64 3.5 1.97 19.20 21.17 NOTE
r-patched-solaris-x86 3.5 42.40 NOTE
r-release-linux-x86_64 3.5 1.80 18.87 20.67 NOTE
r-release-macos-arm64 3.5 NOTE
r-release-macos-x86_64 3.5 NOTE
r-release-windows-ix86+x86_64 3.5 4.00 31.00 35.00 NOTE
r-oldrel-macos-x86_64 3.5 NOTE
r-oldrel-windows-ix86+x86_64 3.5 4.00 31.00 35.00 NOTE

Check Details

Version: 3.5
Check: R code for possible problems
Result: NOTE
    DTK.plot: no visible global function definition for 'axis'
    DTK.plot: no visible global function definition for 'title'
    DTK.plot: no visible global function definition for 'lines'
    DTK.plot: no visible global function definition for 'points'
    DTK.test: no visible binding for global variable 'sd'
    DTK.test: no visible global function definition for 'qtukey'
    TK.test: no visible global function definition for 'TukeyHSD'
    TK.test: no visible global function definition for 'aov'
    Undefined global functions or variables:
     TukeyHSD aov axis lines points qtukey sd title
    Consider adding
     importFrom("graphics", "axis", "lines", "points", "title")
     importFrom("stats", "TukeyHSD", "aov", "qtukey", "sd")
    to your NAMESPACE file.
Flavors: r-devel-linux-x86_64-debian-clang, r-devel-linux-x86_64-debian-gcc, r-devel-linux-x86_64-fedora-clang, r-devel-linux-x86_64-fedora-gcc, r-devel-windows-x86_64, r-devel-windows-x86_64-gcc10-UCRT, r-patched-linux-x86_64, r-patched-solaris-x86, r-release-linux-x86_64, r-release-macos-arm64, r-release-macos-x86_64, r-release-windows-ix86+x86_64, r-oldrel-macos-x86_64, r-oldrel-windows-ix86+x86_64