CRAN Package Check Results for Package DTMCPack

Last updated on 2019-08-22 00:51:11 CEST.

Flavor Version Tinstall Tcheck Ttotal Status Flags
r-devel-linux-x86_64-debian-clang 0.1-2 1.84 18.56 20.40 NOTE
r-devel-linux-x86_64-debian-gcc 0.1-2 1.45 15.08 16.53 NOTE
r-devel-linux-x86_64-fedora-clang 0.1-2 26.96 NOTE
r-devel-linux-x86_64-fedora-gcc 0.1-2 24.58 NOTE
r-devel-windows-ix86+x86_64 0.1-2 12.00 38.00 50.00 NOTE
r-patched-linux-x86_64 0.1-2 1.56 18.35 19.91 NOTE
r-patched-solaris-x86 0.1-2 40.40 NOTE
r-release-linux-x86_64 0.1-2 1.44 18.41 19.85 NOTE
r-release-windows-ix86+x86_64 0.1-2 4.00 40.00 44.00 NOTE
r-release-osx-x86_64 0.1-2 NOTE
r-oldrel-windows-ix86+x86_64 0.1-2 2.00 26.00 28.00 NOTE
r-oldrel-osx-x86_64 0.1-2 NOTE

Check Details

Version: 0.1-2
Check: R code for possible problems
Result: NOTE
    DTMC: no visible global function definition for 'runif'
    DTMC: no visible global function definition for 'plot'
    Undefined global functions or variables:
     plot runif
    Consider adding
     importFrom("graphics", "plot")
     importFrom("stats", "runif")
    to your NAMESPACE file.
Flavors: r-devel-linux-x86_64-debian-clang, r-devel-linux-x86_64-debian-gcc, r-devel-linux-x86_64-fedora-clang, r-devel-linux-x86_64-fedora-gcc, r-devel-windows-ix86+x86_64, r-patched-linux-x86_64, r-patched-solaris-x86, r-release-linux-x86_64, r-release-windows-ix86+x86_64, r-release-osx-x86_64, r-oldrel-windows-ix86+x86_64, r-oldrel-osx-x86_64