CRAN Package Check Results for Package DTMCPack

Last updated on 2021-10-17 17:49:20 CEST.

Flavor Version Tinstall Tcheck Ttotal Status Flags
r-devel-linux-x86_64-debian-clang 0.1-2 1.70 20.78 22.48 NOTE
r-devel-linux-x86_64-debian-gcc 0.1-2 1.47 17.30 18.77 NOTE
r-devel-linux-x86_64-fedora-clang 0.1-2 38.46 NOTE
r-devel-linux-x86_64-fedora-gcc 0.1-2 27.69 NOTE
r-devel-windows-x86_64 0.1-2 3.00 35.00 38.00 NOTE
r-devel-windows-x86_64-gcc10-UCRT 0.1-2 NOTE
r-patched-linux-x86_64 0.1-2 1.87 20.74 22.61 NOTE
r-patched-solaris-x86 0.1-2 45.20 NOTE
r-release-linux-x86_64 0.1-2 2.05 20.51 22.56 NOTE
r-release-macos-arm64 0.1-2 NOTE
r-release-macos-x86_64 0.1-2 NOTE
r-release-windows-ix86+x86_64 0.1-2 4.00 34.00 38.00 NOTE
r-oldrel-macos-x86_64 0.1-2 NOTE
r-oldrel-windows-ix86+x86_64 0.1-2 4.00 33.00 37.00 NOTE

Check Details

Version: 0.1-2
Check: R code for possible problems
Result: NOTE
    DTMC: no visible global function definition for 'runif'
    Undefined global functions or variables:
     runif
    Consider adding
     importFrom("stats", "runif")
    to your NAMESPACE file.
Flavors: r-devel-linux-x86_64-debian-clang, r-devel-linux-x86_64-debian-gcc, r-devel-linux-x86_64-fedora-clang, r-devel-linux-x86_64-fedora-gcc, r-devel-windows-x86_64, r-devel-windows-x86_64-gcc10-UCRT, r-patched-linux-x86_64, r-patched-solaris-x86, r-release-linux-x86_64, r-release-macos-arm64, r-release-macos-x86_64, r-release-windows-ix86+x86_64, r-oldrel-macos-x86_64, r-oldrel-windows-ix86+x86_64