Last updated on 2023-06-07 22:02:41 CEST.
Flavor | Version | Tinstall | Tcheck | Ttotal | Status | Flags |
---|---|---|---|---|---|---|
r-devel-linux-x86_64-debian-clang | 1.0.0 | 42.06 | 53.60 | 95.66 | OK | |
r-devel-linux-x86_64-debian-gcc | 1.0.0 | 38.09 | 40.17 | 78.26 | OK | |
r-devel-linux-x86_64-fedora-clang | 1.0.0 | 135.44 | OK | |||
r-devel-linux-x86_64-fedora-gcc | 1.0.0 | 140.08 | OK | |||
r-devel-windows-x86_64 | 1.0.0 | 37.00 | 77.00 | 114.00 | OK | |
r-patched-linux-x86_64 | 1.0.0 | 45.10 | 54.50 | 99.60 | OK | |
r-release-linux-x86_64 | 1.0.0 | 40.38 | 54.15 | 94.53 | OK | |
r-release-macos-arm64 | 1.0.0 | 42.00 | NOTE | |||
r-release-macos-x86_64 | 1.0.0 | 69.00 | NOTE | |||
r-release-windows-x86_64 | 1.0.0 | 46.00 | 92.00 | 138.00 | OK | |
r-oldrel-macos-arm64 | 1.0.0 | 42.00 | NOTE | |||
r-oldrel-macos-x86_64 | 1.0.0 | 52.00 | NOTE | |||
r-oldrel-windows-x86_64 | 1.0.0 | 46.00 | 88.00 | 134.00 | OK |
Version: 1.0.0
Check: installed package size
Result: NOTE
installed size is 13.0Mb
sub-directories of 1Mb or more:
libs 12.9Mb
Flavors: r-release-macos-arm64, r-release-macos-x86_64, r-oldrel-macos-arm64, r-oldrel-macos-x86_64