CRAN Package Check Results for Package DTSg

Last updated on 2021-09-21 16:51:17 CEST.

Flavor Version Tinstall Tcheck Ttotal Status Flags
r-devel-linux-x86_64-debian-clang 0.7.1 6.81 104.01 110.82 OK
r-devel-linux-x86_64-debian-gcc 0.7.1 4.86 64.50 69.36 OK
r-devel-linux-x86_64-fedora-clang 0.7.1 118.97 OK
r-devel-linux-x86_64-fedora-gcc 0.7.1 98.75 OK
r-devel-windows-x86_64 0.7.1 8.00 105.00 113.00 OK
r-devel-windows-x86_64-gcc10-UCRT 0.7.1 ERROR
r-patched-linux-x86_64 0.7.1 6.46 82.91 89.37 OK
r-patched-solaris-x86 0.7.1 194.20 OK
r-release-linux-x86_64 0.7.1 4.84 82.17 87.01 OK
r-release-macos-arm64 0.7.1 OK
r-release-macos-x86_64 0.7.1 OK
r-release-windows-ix86+x86_64 0.7.1 12.00 137.00 149.00 OK
r-oldrel-macos-x86_64 0.7.1 OK
r-oldrel-windows-ix86+x86_64 0.7.1 12.00 141.00 153.00 OK

Check Details

Version: 0.7.1
Check: whether package can be installed
Result: WARN
    Found the following significant warnings:
     WARNING: installation-time patches will not be applied, could not get the patches index
Flavor: r-devel-windows-x86_64-gcc10-UCRT

Version: 0.7.1
Check: PDF version of manual
Result: WARN
    LaTeX errors when creating PDF version.
    This typically indicates Rd problems.
Flavor: r-devel-windows-x86_64-gcc10-UCRT

Version: 0.7.1
Check: PDF version of manual without hyperrefs or index
Result: ERROR
    Re-running with no redirection of stdout/stderr.
Flavor: r-devel-windows-x86_64-gcc10-UCRT