CRAN Package Check Results for Package DTSg

Last updated on 2023-09-27 23:37:31 CEST.

Flavor Version Tinstall Tcheck Ttotal Status Flags
r-devel-linux-x86_64-debian-clang 1.1.1 5.65 85.47 91.12 ERROR
r-devel-linux-x86_64-debian-gcc 1.1.1 5.84 56.83 62.67 ERROR
r-devel-linux-x86_64-fedora-clang 1.1.1 152.66 OK
r-devel-linux-x86_64-fedora-gcc 1.1.1 148.77 OK
r-devel-windows-x86_64 1.1.1 12.00 122.00 134.00 OK
r-patched-linux-x86_64 1.1.1 8.03 70.82 78.85 ERROR
r-release-linux-x86_64 1.1.1 7.68 70.31 77.99 ERROR
r-release-macos-arm64 1.1.1 64.00 OK
r-release-macos-x86_64 1.1.1 97.00 OK
r-release-windows-x86_64 1.1.1 10.00 142.00 152.00 OK
r-oldrel-macos-arm64 1.1.1 53.00 OK
r-oldrel-macos-x86_64 1.1.1 71.00 OK
r-oldrel-windows-x86_64 1.1.1 13.00 132.00 145.00 OK

Check Details

Version: 1.1.1
Check: tests
Result: ERROR
     Running ‘tinytest.R’ [17s/14s]
    Running the tests in ‘tests/tinytest.R’ failed.
    Complete output:
     > if (requireNamespace("tinytest", quietly = TRUE)) {
     + tinytest::test_package("DTSg")
     + }
    
     test_DTSg.R................... 0 tests
     test_DTSg.R................... 1 tests <1b>[0;32mOK<1b>[0m
     test_DTSg.R................... 2 tests <1b>[0;32mOK<1b>[0m Missing values are always stripped regardless of the value of a possible "na.rm" argument.
    
     test_DTSg.R................... 3 tests <1b>[0;32mOK<1b>[0m Missing values are always stripped regardless of the value of a possible "na.rm" argument.
    
     test_DTSg.R................... 4 tests <1b>[0;32mOK<1b>[0m .n column calculated from .dateTime column.
    
     test_DTSg.R................... 5 tests <1b>[0;32mOK<1b>[0m .n column calculated from .dateTime column.
    
     test_DTSg.R................... 6 tests <1b>[0;32mOK<1b>[0m
     test_DTSg.R................... 7 tests <1b>[0;32mOK<1b>[0m
     test_DTSg.R................... 8 tests <1b>[0;32mOK<1b>[0m
     test_DTSg.R................... 9 tests <1b>[0;32mOK<1b>[0m
     test_DTSg.R................... 10 tests <1b>[0;32mOK<1b>[0m
     test_DTSg.R................... 11 tests <1b>[0;32mOK<1b>[0m
     test_DTSg.R................... 12 tests <1b>[0;32mOK<1b>[0m
     test_DTSg.R................... 13 tests <1b>[0;32mOK<1b>[0m
     test_DTSg.R................... 14 tests <1b>[0;32mOK<1b>[0m
     test_DTSg.R................... 15 tests <1b>[0;32mOK<1b>[0m
     test_DTSg.R................... 16 tests <1b>[0;32mOK<1b>[0m
     test_DTSg.R................... 17 tests <1b>[0;32mOK<1b>[0m
     test_DTSg.R................... 18 tests <1b>[0;32mOK<1b>[0m
     test_DTSg.R................... 19 tests <1b>[0;32mOK<1b>[0m
     test_DTSg.R................... 20 tests <1b>[0;32mOK<1b>[0m
     test_DTSg.R................... 21 tests <1b>[0;32mOK<1b>[0m
     test_DTSg.R................... 22 tests <1b>[0;32mOK<1b>[0m
     test_DTSg.R................... 23 tests <1b>[0;32mOK<1b>[0m
     test_DTSg.R................... 24 tests <1b>[0;32mOK<1b>[0m
     test_DTSg.R................... 25 tests <1b>[0;32mOK<1b>[0m
     test_DTSg.R................... 26 tests <1b>[0;32mOK<1b>[0m
     test_DTSg.R................... 27 tests <1b>[0;32mOK<1b>[0m
     test_DTSg.R................... 28 tests <1b>[0;32mOK<1b>[0m
     test_DTSg.R................... 29 tests <1b>[0;32mOK<1b>[0m
     test_DTSg.R................... 30 tests <1b>[0;32mOK<1b>[0m
     test_DTSg.R................... 31 tests <1b>[0;32mOK<1b>[0m
     test_DTSg.R................... 32 tests <1b>[0;32mOK<1b>[0m
     test_DTSg.R................... 33 tests <1b>[0;32mOK<1b>[0m
     test_DTSg.R................... 34 tests <1b>[0;32mOK<1b>[0m
     test_DTSg.R................... 35 tests <1b>[0;32mOK<1b>[0m
     test_DTSg.R................... 69 tests <1b>[0;32mOK<1b>[0m
     test_DTSg.R................... 70 tests <1b>[0;32mOK<1b>[0m
     test_DTSg.R................... 71 tests <1b>[0;32mOK<1b>[0m
     test_DTSg.R................... 72 tests <1b>[0;32mOK<1b>[0m
     test_DTSg.R................... 73 tests <1b>[0;32mOK<1b>[0m
     test_DTSg.R................... 74 tests <1b>[0;32mOK<1b>[0m
     test_DTSg.R................... 75 tests <1b>[0;32mOK<1b>[0m
     test_DTSg.R................... 76 tests <1b>[0;32mOK<1b>[0m
     test_DTSg.R................... 77 tests <1b>[0;32mOK<1b>[0m
     test_DTSg.R................... 78 tests <1b>[0;32mOK<1b>[0m
     test_DTSg.R................... 79 tests <1b>[0;32mOK<1b>[0m
     test_DTSg.R................... 80 tests <1b>[0;32mOK<1b>[0m
     test_DTSg.R................... 81 tests <1b>[0;32mOK<1b>[0m
     test_DTSg.R................... 82 tests <1b>[0;32mOK<1b>[0m
     test_DTSg.R................... 83 tests <1b>[0;32mOK<1b>[0m
     test_DTSg.R................... 84 tests <1b>[0;32mOK<1b>[0m
     test_DTSg.R................... 85 tests <1b>[0;32mOK<1b>[0m
     test_DTSg.R................... 86 tests <1b>[0;32mOK<1b>[0m
     test_DTSg.R................... 87 tests <1b>[0;32mOK<1b>[0m
     test_DTSg.R................... 88 tests <1b>[0;32mOK<1b>[0m
     test_DTSg.R................... 89 tests <1b>[0;32mOK<1b>[0m
     test_DTSg.R................... 90 tests <1b>[0;32mOK<1b>[0m
     test_DTSg.R................... 91 tests <1b>[0;32mOK<1b>[0m
     test_DTSg.R................... 92 tests <1b>[0;32mOK<1b>[0m
     test_DTSg.R................... 93 tests <1b>[0;32mOK<1b>[0m
     test_DTSg.R................... 94 tests <1b>[0;32mOK<1b>[0m
     test_DTSg.R................... 122 tests <1b>[0;32mOK<1b>[0m
     test_DTSg.R................... 123 tests <1b>[0;32mOK<1b>[0m
     test_DTSg.R................... 124 tests <1b>[0;32mOK<1b>[0m
     test_DTSg.R................... 125 tests <1b>[0;32mOK<1b>[0m
     test_DTSg.R................... 126 tests <1b>[0;32mOK<1b>[0m
     test_DTSg.R................... 127 tests <1b>[0;32mOK<1b>[0m
     test_DTSg.R................... 128 tests <1b>[0;32mOK<1b>[0m
     test_DTSg.R................... 129 tests <1b>[0;32mOK<1b>[0m Error in (function (value) :
     Assertion on 'value' failed: Must be a subset of {'Africa/Abidjan','Africa/Accra','Africa/Addis_Ababa','Africa/Algiers','Africa/Asmara','Africa/Bamako','Africa/Bangui','Africa/Banjul','Africa/Bissau','Africa/Blantyre','Africa/Brazzaville','Africa/Bujumbura','Africa/Cairo','Africa/Casablanca','Africa/Ceuta','Africa/Conakry','Africa/Dakar','Africa/Dar_es_Salaam','Africa/Djibouti','Africa/Douala','Africa/El_Aaiun','Africa/Freetown','Africa/Gaborone','Africa/Harare','Africa/Johannesburg','Africa/Juba','Africa/Kampala','Africa/Khartoum','Africa/Kigali','Africa/Kinshasa','Africa/Lagos','Africa/Libreville','Africa/Lome','Africa/Luanda','Africa/Lubumbashi','Africa/Lusaka','Africa/Malabo','Africa/Maputo','Africa/Maseru','Africa/Mbabane','Africa/Mogadishu','Africa/Monrovia','Africa/Nairobi','Africa/Ndjamena','Africa/Niamey','Africa/Nouakchott','Africa/Ouagadougou','Africa/Porto-Novo','Africa/Sao_Tome','Africa/Timbuktu','Africa/Tripoli','Africa/Tunis','Africa/Windhoek','America/Adak','Am
     Calls: <Anonymous> ... <Anonymous> -> assertSubset -> makeAssertion -> mstop
     In addition: Warning messages:
     1: Only time series with recognised periodicity can have explicitly missing values.
     Consider calling "alter()" with "na.status = 'explicit'" and specified "by" argument.
     2: Only time series with recognised periodicity can have explicitly missing values.
     Consider calling "alter()" with "na.status = 'explicit'" and specified "by" argument.
     3: Only time series with recognised periodicity can have explicitly missing values.
     Consider calling "alter()" with "na.status = 'explicit'" and specified "by" argument.
     4: Only time series with recognised periodicity can have explicitly missing values.
     Consider calling "alter()" with "na.status = 'explicit'" and specified "by" argument.
     5: Only time series with recognised periodicity can have explicitly missing values.
     Consider calling "alter()" with "na.status = 'explicit'" and specified "by" argument.
     Execution halted
Flavor: r-devel-linux-x86_64-debian-clang

Version: 1.1.1
Check: tests
Result: ERROR
     Running ‘tinytest.R’ [10s/14s]
    Running the tests in ‘tests/tinytest.R’ failed.
    Complete output:
     > if (requireNamespace("tinytest", quietly = TRUE)) {
     + tinytest::test_package("DTSg")
     + }
    
     test_DTSg.R................... 0 tests
     test_DTSg.R................... 1 tests <1b>[0;32mOK<1b>[0m
     test_DTSg.R................... 2 tests <1b>[0;32mOK<1b>[0m Missing values are always stripped regardless of the value of a possible "na.rm" argument.
    
     test_DTSg.R................... 3 tests <1b>[0;32mOK<1b>[0m Missing values are always stripped regardless of the value of a possible "na.rm" argument.
    
     test_DTSg.R................... 4 tests <1b>[0;32mOK<1b>[0m .n column calculated from .dateTime column.
    
     test_DTSg.R................... 5 tests <1b>[0;32mOK<1b>[0m .n column calculated from .dateTime column.
    
     test_DTSg.R................... 6 tests <1b>[0;32mOK<1b>[0m
     test_DTSg.R................... 7 tests <1b>[0;32mOK<1b>[0m
     test_DTSg.R................... 8 tests <1b>[0;32mOK<1b>[0m
     test_DTSg.R................... 9 tests <1b>[0;32mOK<1b>[0m
     test_DTSg.R................... 10 tests <1b>[0;32mOK<1b>[0m
     test_DTSg.R................... 11 tests <1b>[0;32mOK<1b>[0m
     test_DTSg.R................... 12 tests <1b>[0;32mOK<1b>[0m
     test_DTSg.R................... 13 tests <1b>[0;32mOK<1b>[0m
     test_DTSg.R................... 14 tests <1b>[0;32mOK<1b>[0m
     test_DTSg.R................... 15 tests <1b>[0;32mOK<1b>[0m
     test_DTSg.R................... 16 tests <1b>[0;32mOK<1b>[0m
     test_DTSg.R................... 17 tests <1b>[0;32mOK<1b>[0m
     test_DTSg.R................... 18 tests <1b>[0;32mOK<1b>[0m
     test_DTSg.R................... 19 tests <1b>[0;32mOK<1b>[0m
     test_DTSg.R................... 20 tests <1b>[0;32mOK<1b>[0m
     test_DTSg.R................... 21 tests <1b>[0;32mOK<1b>[0m
     test_DTSg.R................... 22 tests <1b>[0;32mOK<1b>[0m
     test_DTSg.R................... 23 tests <1b>[0;32mOK<1b>[0m
     test_DTSg.R................... 24 tests <1b>[0;32mOK<1b>[0m
     test_DTSg.R................... 25 tests <1b>[0;32mOK<1b>[0m
     test_DTSg.R................... 26 tests <1b>[0;32mOK<1b>[0m
     test_DTSg.R................... 27 tests <1b>[0;32mOK<1b>[0m
     test_DTSg.R................... 28 tests <1b>[0;32mOK<1b>[0m
     test_DTSg.R................... 29 tests <1b>[0;32mOK<1b>[0m
     test_DTSg.R................... 30 tests <1b>[0;32mOK<1b>[0m
     test_DTSg.R................... 31 tests <1b>[0;32mOK<1b>[0m
     test_DTSg.R................... 32 tests <1b>[0;32mOK<1b>[0m
     test_DTSg.R................... 33 tests <1b>[0;32mOK<1b>[0m
     test_DTSg.R................... 34 tests <1b>[0;32mOK<1b>[0m
     test_DTSg.R................... 35 tests <1b>[0;32mOK<1b>[0m
     test_DTSg.R................... 69 tests <1b>[0;32mOK<1b>[0m
     test_DTSg.R................... 70 tests <1b>[0;32mOK<1b>[0m
     test_DTSg.R................... 71 tests <1b>[0;32mOK<1b>[0m
     test_DTSg.R................... 72 tests <1b>[0;32mOK<1b>[0m
     test_DTSg.R................... 73 tests <1b>[0;32mOK<1b>[0m
     test_DTSg.R................... 74 tests <1b>[0;32mOK<1b>[0m
     test_DTSg.R................... 75 tests <1b>[0;32mOK<1b>[0m
     test_DTSg.R................... 76 tests <1b>[0;32mOK<1b>[0m
     test_DTSg.R................... 77 tests <1b>[0;32mOK<1b>[0m
     test_DTSg.R................... 78 tests <1b>[0;32mOK<1b>[0m
     test_DTSg.R................... 79 tests <1b>[0;32mOK<1b>[0m
     test_DTSg.R................... 80 tests <1b>[0;32mOK<1b>[0m
     test_DTSg.R................... 81 tests <1b>[0;32mOK<1b>[0m
     test_DTSg.R................... 82 tests <1b>[0;32mOK<1b>[0m
     test_DTSg.R................... 83 tests <1b>[0;32mOK<1b>[0m
     test_DTSg.R................... 84 tests <1b>[0;32mOK<1b>[0m
     test_DTSg.R................... 85 tests <1b>[0;32mOK<1b>[0m
     test_DTSg.R................... 86 tests <1b>[0;32mOK<1b>[0m
     test_DTSg.R................... 87 tests <1b>[0;32mOK<1b>[0m
     test_DTSg.R................... 88 tests <1b>[0;32mOK<1b>[0m
     test_DTSg.R................... 89 tests <1b>[0;32mOK<1b>[0m
     test_DTSg.R................... 90 tests <1b>[0;32mOK<1b>[0m
     test_DTSg.R................... 91 tests <1b>[0;32mOK<1b>[0m
     test_DTSg.R................... 92 tests <1b>[0;32mOK<1b>[0m
     test_DTSg.R................... 93 tests <1b>[0;32mOK<1b>[0m
     test_DTSg.R................... 94 tests <1b>[0;32mOK<1b>[0m
     test_DTSg.R................... 122 tests <1b>[0;32mOK<1b>[0m
     test_DTSg.R................... 123 tests <1b>[0;32mOK<1b>[0m
     test_DTSg.R................... 124 tests <1b>[0;32mOK<1b>[0m
     test_DTSg.R................... 125 tests <1b>[0;32mOK<1b>[0m
     test_DTSg.R................... 126 tests <1b>[0;32mOK<1b>[0m
     test_DTSg.R................... 127 tests <1b>[0;32mOK<1b>[0m
     test_DTSg.R................... 128 tests <1b>[0;32mOK<1b>[0m
     test_DTSg.R................... 129 tests <1b>[0;32mOK<1b>[0m Error in (function (value) :
     Assertion on 'value' failed: Must be a subset of {'Africa/Abidjan','Africa/Accra','Africa/Addis_Ababa','Africa/Algiers','Africa/Asmara','Africa/Bamako','Africa/Bangui','Africa/Banjul','Africa/Bissau','Africa/Blantyre','Africa/Brazzaville','Africa/Bujumbura','Africa/Cairo','Africa/Casablanca','Africa/Ceuta','Africa/Conakry','Africa/Dakar','Africa/Dar_es_Salaam','Africa/Djibouti','Africa/Douala','Africa/El_Aaiun','Africa/Freetown','Africa/Gaborone','Africa/Harare','Africa/Johannesburg','Africa/Juba','Africa/Kampala','Africa/Khartoum','Africa/Kigali','Africa/Kinshasa','Africa/Lagos','Africa/Libreville','Africa/Lome','Africa/Luanda','Africa/Lubumbashi','Africa/Lusaka','Africa/Malabo','Africa/Maputo','Africa/Maseru','Africa/Mbabane','Africa/Mogadishu','Africa/Monrovia','Africa/Nairobi','Africa/Ndjamena','Africa/Niamey','Africa/Nouakchott','Africa/Ouagadougou','Africa/Porto-Novo','Africa/Sao_Tome','Africa/Timbuktu','Africa/Tripoli','Africa/Tunis','Africa/Windhoek','America/Adak','Am
     Calls: <Anonymous> ... <Anonymous> -> assertSubset -> makeAssertion -> mstop
     In addition: Warning messages:
     1: Only time series with recognised periodicity can have explicitly missing values.
     Consider calling "alter()" with "na.status = 'explicit'" and specified "by" argument.
     2: Only time series with recognised periodicity can have explicitly missing values.
     Consider calling "alter()" with "na.status = 'explicit'" and specified "by" argument.
     3: Only time series with recognised periodicity can have explicitly missing values.
     Consider calling "alter()" with "na.status = 'explicit'" and specified "by" argument.
     4: Only time series with recognised periodicity can have explicitly missing values.
     Consider calling "alter()" with "na.status = 'explicit'" and specified "by" argument.
     5: Only time series with recognised periodicity can have explicitly missing values.
     Consider calling "alter()" with "na.status = 'explicit'" and specified "by" argument.
     Execution halted
Flavor: r-devel-linux-x86_64-debian-gcc

Version: 1.1.1
Check: tests
Result: ERROR
     Running ‘tinytest.R’ [12s/13s]
    Running the tests in ‘tests/tinytest.R’ failed.
    Complete output:
     > if (requireNamespace("tinytest", quietly = TRUE)) {
     + tinytest::test_package("DTSg")
     + }
    
     test_DTSg.R................... 0 tests
     test_DTSg.R................... 1 tests <1b>[0;32mOK<1b>[0m
     test_DTSg.R................... 2 tests <1b>[0;32mOK<1b>[0m Missing values are always stripped regardless of the value of a possible "na.rm" argument.
    
     test_DTSg.R................... 3 tests <1b>[0;32mOK<1b>[0m Missing values are always stripped regardless of the value of a possible "na.rm" argument.
    
     test_DTSg.R................... 4 tests <1b>[0;32mOK<1b>[0m .n column calculated from .dateTime column.
    
     test_DTSg.R................... 5 tests <1b>[0;32mOK<1b>[0m .n column calculated from .dateTime column.
    
     test_DTSg.R................... 6 tests <1b>[0;32mOK<1b>[0m
     test_DTSg.R................... 7 tests <1b>[0;32mOK<1b>[0m
     test_DTSg.R................... 8 tests <1b>[0;32mOK<1b>[0m
     test_DTSg.R................... 9 tests <1b>[0;32mOK<1b>[0m
     test_DTSg.R................... 10 tests <1b>[0;32mOK<1b>[0m
     test_DTSg.R................... 11 tests <1b>[0;32mOK<1b>[0m
     test_DTSg.R................... 12 tests <1b>[0;32mOK<1b>[0m
     test_DTSg.R................... 13 tests <1b>[0;32mOK<1b>[0m
     test_DTSg.R................... 14 tests <1b>[0;32mOK<1b>[0m
     test_DTSg.R................... 15 tests <1b>[0;32mOK<1b>[0m
     test_DTSg.R................... 16 tests <1b>[0;32mOK<1b>[0m
     test_DTSg.R................... 17 tests <1b>[0;32mOK<1b>[0m
     test_DTSg.R................... 18 tests <1b>[0;32mOK<1b>[0m
     test_DTSg.R................... 19 tests <1b>[0;32mOK<1b>[0m
     test_DTSg.R................... 20 tests <1b>[0;32mOK<1b>[0m
     test_DTSg.R................... 21 tests <1b>[0;32mOK<1b>[0m
     test_DTSg.R................... 22 tests <1b>[0;32mOK<1b>[0m
     test_DTSg.R................... 23 tests <1b>[0;32mOK<1b>[0m
     test_DTSg.R................... 24 tests <1b>[0;32mOK<1b>[0m
     test_DTSg.R................... 25 tests <1b>[0;32mOK<1b>[0m
     test_DTSg.R................... 26 tests <1b>[0;32mOK<1b>[0m
     test_DTSg.R................... 27 tests <1b>[0;32mOK<1b>[0m
     test_DTSg.R................... 28 tests <1b>[0;32mOK<1b>[0m
     test_DTSg.R................... 29 tests <1b>[0;32mOK<1b>[0m
     test_DTSg.R................... 30 tests <1b>[0;32mOK<1b>[0m
     test_DTSg.R................... 31 tests <1b>[0;32mOK<1b>[0m
     test_DTSg.R................... 32 tests <1b>[0;32mOK<1b>[0m
     test_DTSg.R................... 33 tests <1b>[0;32mOK<1b>[0m
     test_DTSg.R................... 34 tests <1b>[0;32mOK<1b>[0m
     test_DTSg.R................... 35 tests <1b>[0;32mOK<1b>[0m
     test_DTSg.R................... 69 tests <1b>[0;32mOK<1b>[0m
     test_DTSg.R................... 70 tests <1b>[0;32mOK<1b>[0m
     test_DTSg.R................... 71 tests <1b>[0;32mOK<1b>[0m
     test_DTSg.R................... 72 tests <1b>[0;32mOK<1b>[0m
     test_DTSg.R................... 73 tests <1b>[0;32mOK<1b>[0m
     test_DTSg.R................... 74 tests <1b>[0;32mOK<1b>[0m
     test_DTSg.R................... 75 tests <1b>[0;32mOK<1b>[0m
     test_DTSg.R................... 76 tests <1b>[0;32mOK<1b>[0m
     test_DTSg.R................... 77 tests <1b>[0;32mOK<1b>[0m
     test_DTSg.R................... 78 tests <1b>[0;32mOK<1b>[0m
     test_DTSg.R................... 79 tests <1b>[0;32mOK<1b>[0m
     test_DTSg.R................... 80 tests <1b>[0;32mOK<1b>[0m
     test_DTSg.R................... 81 tests <1b>[0;32mOK<1b>[0m
     test_DTSg.R................... 82 tests <1b>[0;32mOK<1b>[0m
     test_DTSg.R................... 83 tests <1b>[0;32mOK<1b>[0m
     test_DTSg.R................... 84 tests <1b>[0;32mOK<1b>[0m
     test_DTSg.R................... 85 tests <1b>[0;32mOK<1b>[0m
     test_DTSg.R................... 86 tests <1b>[0;32mOK<1b>[0m
     test_DTSg.R................... 87 tests <1b>[0;32mOK<1b>[0m
     test_DTSg.R................... 88 tests <1b>[0;32mOK<1b>[0m
     test_DTSg.R................... 89 tests <1b>[0;32mOK<1b>[0m
     test_DTSg.R................... 90 tests <1b>[0;32mOK<1b>[0m
     test_DTSg.R................... 91 tests <1b>[0;32mOK<1b>[0m
     test_DTSg.R................... 92 tests <1b>[0;32mOK<1b>[0m
     test_DTSg.R................... 93 tests <1b>[0;32mOK<1b>[0m
     test_DTSg.R................... 94 tests <1b>[0;32mOK<1b>[0m
     test_DTSg.R................... 122 tests <1b>[0;32mOK<1b>[0m
     test_DTSg.R................... 123 tests <1b>[0;32mOK<1b>[0m
     test_DTSg.R................... 124 tests <1b>[0;32mOK<1b>[0m
     test_DTSg.R................... 125 tests <1b>[0;32mOK<1b>[0m
     test_DTSg.R................... 126 tests <1b>[0;32mOK<1b>[0m
     test_DTSg.R................... 127 tests <1b>[0;32mOK<1b>[0m
     test_DTSg.R................... 128 tests <1b>[0;32mOK<1b>[0m
     test_DTSg.R................... 129 tests <1b>[0;32mOK<1b>[0m Error in (function (value) :
     Assertion on 'value' failed: Must be a subset of {'Africa/Abidjan','Africa/Accra','Africa/Addis_Ababa','Africa/Algiers','Africa/Asmara','Africa/Bamako','Africa/Bangui','Africa/Banjul','Africa/Bissau','Africa/Blantyre','Africa/Brazzaville','Africa/Bujumbura','Africa/Cairo','Africa/Casablanca','Africa/Ceuta','Africa/Conakry','Africa/Dakar','Africa/Dar_es_Salaam','Africa/Djibouti','Africa/Douala','Africa/El_Aaiun','Africa/Freetown','Africa/Gaborone','Africa/Harare','Africa/Johannesburg','Africa/Juba','Africa/Kampala','Africa/Khartoum','Africa/Kigali','Africa/Kinshasa','Africa/Lagos','Africa/Libreville','Africa/Lome','Africa/Luanda','Africa/Lubumbashi','Africa/Lusaka','Africa/Malabo','Africa/Maputo','Africa/Maseru','Africa/Mbabane','Africa/Mogadishu','Africa/Monrovia','Africa/Nairobi','Africa/Ndjamena','Africa/Niamey','Africa/Nouakchott','Africa/Ouagadougou','Africa/Porto-Novo','Africa/Sao_Tome','Africa/Timbuktu','Africa/Tripoli','Africa/Tunis','Africa/Windhoek','America/Adak','Am
     Calls: <Anonymous> ... <Anonymous> -> assertSubset -> makeAssertion -> mstop
     In addition: Warning messages:
     1: Only time series with recognised periodicity can have explicitly missing values.
     Consider calling "alter()" with "na.status = 'explicit'" and specified "by" argument.
     2: Only time series with recognised periodicity can have explicitly missing values.
     Consider calling "alter()" with "na.status = 'explicit'" and specified "by" argument.
     3: Only time series with recognised periodicity can have explicitly missing values.
     Consider calling "alter()" with "na.status = 'explicit'" and specified "by" argument.
     4: Only time series with recognised periodicity can have explicitly missing values.
     Consider calling "alter()" with "na.status = 'explicit'" and specified "by" argument.
     5: Only time series with recognised periodicity can have explicitly missing values.
     Consider calling "alter()" with "na.status = 'explicit'" and specified "by" argument.
     Execution halted
Flavor: r-patched-linux-x86_64

Version: 1.1.1
Check: tests
Result: ERROR
     Running ‘tinytest.R’ [11s/13s]
    Running the tests in ‘tests/tinytest.R’ failed.
    Complete output:
     > if (requireNamespace("tinytest", quietly = TRUE)) {
     + tinytest::test_package("DTSg")
     + }
    
     test_DTSg.R................... 0 tests
     test_DTSg.R................... 1 tests <1b>[0;32mOK<1b>[0m
     test_DTSg.R................... 2 tests <1b>[0;32mOK<1b>[0m Missing values are always stripped regardless of the value of a possible "na.rm" argument.
    
     test_DTSg.R................... 3 tests <1b>[0;32mOK<1b>[0m Missing values are always stripped regardless of the value of a possible "na.rm" argument.
    
     test_DTSg.R................... 4 tests <1b>[0;32mOK<1b>[0m .n column calculated from .dateTime column.
    
     test_DTSg.R................... 5 tests <1b>[0;32mOK<1b>[0m .n column calculated from .dateTime column.
    
     test_DTSg.R................... 6 tests <1b>[0;32mOK<1b>[0m
     test_DTSg.R................... 7 tests <1b>[0;32mOK<1b>[0m
     test_DTSg.R................... 8 tests <1b>[0;32mOK<1b>[0m
     test_DTSg.R................... 9 tests <1b>[0;32mOK<1b>[0m
     test_DTSg.R................... 10 tests <1b>[0;32mOK<1b>[0m
     test_DTSg.R................... 11 tests <1b>[0;32mOK<1b>[0m
     test_DTSg.R................... 12 tests <1b>[0;32mOK<1b>[0m
     test_DTSg.R................... 13 tests <1b>[0;32mOK<1b>[0m
     test_DTSg.R................... 14 tests <1b>[0;32mOK<1b>[0m
     test_DTSg.R................... 15 tests <1b>[0;32mOK<1b>[0m
     test_DTSg.R................... 16 tests <1b>[0;32mOK<1b>[0m
     test_DTSg.R................... 17 tests <1b>[0;32mOK<1b>[0m
     test_DTSg.R................... 18 tests <1b>[0;32mOK<1b>[0m
     test_DTSg.R................... 19 tests <1b>[0;32mOK<1b>[0m
     test_DTSg.R................... 20 tests <1b>[0;32mOK<1b>[0m
     test_DTSg.R................... 21 tests <1b>[0;32mOK<1b>[0m
     test_DTSg.R................... 22 tests <1b>[0;32mOK<1b>[0m
     test_DTSg.R................... 23 tests <1b>[0;32mOK<1b>[0m
     test_DTSg.R................... 24 tests <1b>[0;32mOK<1b>[0m
     test_DTSg.R................... 25 tests <1b>[0;32mOK<1b>[0m
     test_DTSg.R................... 26 tests <1b>[0;32mOK<1b>[0m
     test_DTSg.R................... 27 tests <1b>[0;32mOK<1b>[0m
     test_DTSg.R................... 28 tests <1b>[0;32mOK<1b>[0m
     test_DTSg.R................... 29 tests <1b>[0;32mOK<1b>[0m
     test_DTSg.R................... 30 tests <1b>[0;32mOK<1b>[0m
     test_DTSg.R................... 31 tests <1b>[0;32mOK<1b>[0m
     test_DTSg.R................... 32 tests <1b>[0;32mOK<1b>[0m
     test_DTSg.R................... 33 tests <1b>[0;32mOK<1b>[0m
     test_DTSg.R................... 34 tests <1b>[0;32mOK<1b>[0m
     test_DTSg.R................... 35 tests <1b>[0;32mOK<1b>[0m
     test_DTSg.R................... 69 tests <1b>[0;32mOK<1b>[0m
     test_DTSg.R................... 70 tests <1b>[0;32mOK<1b>[0m
     test_DTSg.R................... 71 tests <1b>[0;32mOK<1b>[0m
     test_DTSg.R................... 72 tests <1b>[0;32mOK<1b>[0m
     test_DTSg.R................... 73 tests <1b>[0;32mOK<1b>[0m
     test_DTSg.R................... 74 tests <1b>[0;32mOK<1b>[0m
     test_DTSg.R................... 75 tests <1b>[0;32mOK<1b>[0m
     test_DTSg.R................... 76 tests <1b>[0;32mOK<1b>[0m
     test_DTSg.R................... 77 tests <1b>[0;32mOK<1b>[0m
     test_DTSg.R................... 78 tests <1b>[0;32mOK<1b>[0m
     test_DTSg.R................... 79 tests <1b>[0;32mOK<1b>[0m
     test_DTSg.R................... 80 tests <1b>[0;32mOK<1b>[0m
     test_DTSg.R................... 81 tests <1b>[0;32mOK<1b>[0m
     test_DTSg.R................... 82 tests <1b>[0;32mOK<1b>[0m
     test_DTSg.R................... 83 tests <1b>[0;32mOK<1b>[0m
     test_DTSg.R................... 84 tests <1b>[0;32mOK<1b>[0m
     test_DTSg.R................... 85 tests <1b>[0;32mOK<1b>[0m
     test_DTSg.R................... 86 tests <1b>[0;32mOK<1b>[0m
     test_DTSg.R................... 87 tests <1b>[0;32mOK<1b>[0m
     test_DTSg.R................... 88 tests <1b>[0;32mOK<1b>[0m
     test_DTSg.R................... 89 tests <1b>[0;32mOK<1b>[0m
     test_DTSg.R................... 90 tests <1b>[0;32mOK<1b>[0m
     test_DTSg.R................... 91 tests <1b>[0;32mOK<1b>[0m
     test_DTSg.R................... 92 tests <1b>[0;32mOK<1b>[0m
     test_DTSg.R................... 93 tests <1b>[0;32mOK<1b>[0m
     test_DTSg.R................... 94 tests <1b>[0;32mOK<1b>[0m
     test_DTSg.R................... 122 tests <1b>[0;32mOK<1b>[0m
     test_DTSg.R................... 123 tests <1b>[0;32mOK<1b>[0m
     test_DTSg.R................... 124 tests <1b>[0;32mOK<1b>[0m
     test_DTSg.R................... 125 tests <1b>[0;32mOK<1b>[0m
     test_DTSg.R................... 126 tests <1b>[0;32mOK<1b>[0m
     test_DTSg.R................... 127 tests <1b>[0;32mOK<1b>[0m
     test_DTSg.R................... 128 tests <1b>[0;32mOK<1b>[0m
     test_DTSg.R................... 129 tests <1b>[0;32mOK<1b>[0m Error in (function (value) :
     Assertion on 'value' failed: Must be a subset of {'Africa/Abidjan','Africa/Accra','Africa/Addis_Ababa','Africa/Algiers','Africa/Asmara','Africa/Bamako','Africa/Bangui','Africa/Banjul','Africa/Bissau','Africa/Blantyre','Africa/Brazzaville','Africa/Bujumbura','Africa/Cairo','Africa/Casablanca','Africa/Ceuta','Africa/Conakry','Africa/Dakar','Africa/Dar_es_Salaam','Africa/Djibouti','Africa/Douala','Africa/El_Aaiun','Africa/Freetown','Africa/Gaborone','Africa/Harare','Africa/Johannesburg','Africa/Juba','Africa/Kampala','Africa/Khartoum','Africa/Kigali','Africa/Kinshasa','Africa/Lagos','Africa/Libreville','Africa/Lome','Africa/Luanda','Africa/Lubumbashi','Africa/Lusaka','Africa/Malabo','Africa/Maputo','Africa/Maseru','Africa/Mbabane','Africa/Mogadishu','Africa/Monrovia','Africa/Nairobi','Africa/Ndjamena','Africa/Niamey','Africa/Nouakchott','Africa/Ouagadougou','Africa/Porto-Novo','Africa/Sao_Tome','Africa/Timbuktu','Africa/Tripoli','Africa/Tunis','Africa/Windhoek','America/Adak','Am
     Calls: <Anonymous> ... <Anonymous> -> assertSubset -> makeAssertion -> mstop
     In addition: Warning messages:
     1: Only time series with recognised periodicity can have explicitly missing values.
     Consider calling "alter()" with "na.status = 'explicit'" and specified "by" argument.
     2: Only time series with recognised periodicity can have explicitly missing values.
     Consider calling "alter()" with "na.status = 'explicit'" and specified "by" argument.
     3: Only time series with recognised periodicity can have explicitly missing values.
     Consider calling "alter()" with "na.status = 'explicit'" and specified "by" argument.
     4: Only time series with recognised periodicity can have explicitly missing values.
     Consider calling "alter()" with "na.status = 'explicit'" and specified "by" argument.
     5: Only time series with recognised periodicity can have explicitly missing values.
     Consider calling "alter()" with "na.status = 'explicit'" and specified "by" argument.
     Execution halted
Flavor: r-release-linux-x86_64