CRAN Package Check Results for Package DWLasso

Last updated on 2021-04-17 15:48:12 CEST.

Flavor Version Tinstall Tcheck Ttotal Status Flags
r-devel-linux-x86_64-debian-clang 1.1 9.69 85.03 94.72 NOTE
r-devel-linux-x86_64-debian-gcc 1.1 7.64 65.27 72.91 NOTE
r-devel-linux-x86_64-fedora-clang 1.1 127.32 NOTE
r-devel-linux-x86_64-fedora-gcc 1.1 115.97 NOTE
r-devel-windows-ix86+x86_64 1.1 20.00 106.00 126.00 NOTE
r-devel-windows-x86_64-gcc10-UCRT 1.1 NOTE
r-patched-linux-x86_64 1.1 9.09 78.16 87.25 OK
r-patched-solaris-x86 1.1 165.80 OK
r-release-linux-x86_64 1.1 9.87 77.35 87.22 OK
r-release-macos-x86_64 1.1 OK
r-release-windows-ix86+x86_64 1.1 36.00 106.00 142.00 OK
r-oldrel-macos-x86_64 1.1 OK
r-oldrel-windows-ix86+x86_64 1.1 13.00 99.00 112.00 OK

Check Details

Version: 1.1
Check: LazyData
Result: NOTE
     'LazyData' is specified without a 'data' directory
Flavors: r-devel-linux-x86_64-debian-clang, r-devel-linux-x86_64-debian-gcc, r-devel-linux-x86_64-fedora-clang, r-devel-linux-x86_64-fedora-gcc, r-devel-windows-ix86+x86_64, r-devel-windows-x86_64-gcc10-UCRT