CRAN Package Check Results for Package DYM

Last updated on 2020-09-18 18:47:24 CEST.

Flavor Version Tinstall Tcheck Ttotal Status Flags
r-devel-linux-x86_64-debian-clang 0.2 1.79 21.60 23.39 OK
r-devel-linux-x86_64-debian-gcc 0.2 1.43 16.83 18.26 OK
r-devel-linux-x86_64-fedora-clang 0.2 38.02 NOTE
r-devel-linux-x86_64-fedora-gcc 0.2 29.17 OK
r-devel-windows-ix86+x86_64 0.2 4.00 31.00 35.00 OK
r-patched-linux-x86_64 0.2 1.91 21.04 22.95 OK
r-patched-solaris-x86 0.2 43.60 OK
r-release-linux-x86_64 0.2 1.87 21.75 23.62 OK
r-release-macos-x86_64 0.2 OK
r-release-windows-ix86+x86_64 0.2 4.00 39.00 43.00 OK
r-oldrel-macos-x86_64 0.2 OK
r-oldrel-windows-ix86+x86_64 0.2 3.00 40.00 43.00 OK

Check Details

Version: 0.2
Check: Rd cross-references
Result: NOTE
    Undeclared package ‘stringdist’ in Rd xrefs
Flavor: r-devel-linux-x86_64-fedora-clang