CRAN Package Check Results for Package DatAssim

Last updated on 2021-06-13 04:50:01 CEST.

Flavor Version Tinstall Tcheck Ttotal Status Flags
r-devel-linux-x86_64-debian-clang 1.0 33.04 25.84 58.88 NOTE
r-devel-linux-x86_64-debian-gcc 1.0 20.15 20.62 40.77 NOTE
r-devel-linux-x86_64-fedora-clang 1.0 87.20 NOTE
r-devel-linux-x86_64-fedora-gcc 1.0 71.21 NOTE
r-devel-windows-x86_64 1.0 43.00 54.00 97.00 NOTE
r-devel-windows-x86_64-gcc10-UCRT 1.0 NOTE
r-patched-linux-x86_64 1.0 25.76 24.69 50.45 NOTE
r-patched-solaris-x86 1.0 82.20 NOTE
r-release-linux-x86_64 1.0 25.85 24.72 50.57 NOTE
r-release-macos-arm64 1.0 NOTE
r-release-macos-x86_64 1.0 NOTE
r-release-windows-ix86+x86_64 1.0 61.00 66.00 127.00 NOTE
r-oldrel-macos-x86_64 1.0 OK
r-oldrel-windows-ix86+x86_64 1.0 56.00 72.00 128.00 OK

Check Details

Version: 1.0
Check: LazyData
Result: NOTE
     'LazyData' is specified without a 'data' directory
Flavors: r-devel-linux-x86_64-debian-clang, r-devel-linux-x86_64-debian-gcc, r-devel-linux-x86_64-fedora-clang, r-devel-linux-x86_64-fedora-gcc, r-devel-windows-x86_64, r-devel-windows-x86_64-gcc10-UCRT, r-patched-linux-x86_64, r-patched-solaris-x86, r-release-linux-x86_64, r-release-macos-arm64, r-release-macos-x86_64, r-release-windows-ix86+x86_64