Last updated on 2025-01-20 22:48:57 CET.
Flavor | Version | Tinstall | Tcheck | Ttotal | Status | Flags |
---|---|---|---|---|---|---|
r-devel-linux-x86_64-debian-clang | 0.1.5 | 4.66 | 46.84 | 51.50 | NOTE | |
r-devel-linux-x86_64-debian-gcc | 0.1.5 | 3.00 | 36.30 | 39.30 | NOTE | |
r-devel-linux-x86_64-fedora-clang | 0.1.5 | 84.87 | NOTE | |||
r-devel-linux-x86_64-fedora-gcc | 0.1.5 | 95.49 | NOTE | |||
r-devel-windows-x86_64 | 0.1.5 | 7.00 | 72.00 | 79.00 | NOTE | |
r-patched-linux-x86_64 | 0.1.5 | 3.87 | 44.81 | 48.68 | NOTE | |
r-release-linux-x86_64 | 0.1.5 | 4.45 | 44.16 | 48.61 | NOTE | |
r-release-macos-arm64 | 0.1.5 | 43.00 | NOTE | |||
r-release-macos-x86_64 | 0.1.5 | 60.00 | NOTE | |||
r-release-windows-x86_64 | 0.1.5 | 7.00 | 71.00 | 78.00 | NOTE | |
r-oldrel-macos-arm64 | 0.1.5 | 46.00 | OK | |||
r-oldrel-macos-x86_64 | 0.1.5 | 60.00 | OK | |||
r-oldrel-windows-x86_64 | 0.1.5 | 9.00 | 81.00 | 90.00 | OK |
Version: 0.1.5
Check: Rd files
Result: NOTE
checkRd: (-1) data_edit.Rd:137: Lost braces
137 | code{data_edit} is a shiny application built on \code{rhandsontable} that is
| ^
Flavors: r-devel-linux-x86_64-debian-clang, r-devel-linux-x86_64-debian-gcc, r-devel-linux-x86_64-fedora-clang, r-devel-linux-x86_64-fedora-gcc, r-devel-windows-x86_64, r-patched-linux-x86_64, r-release-linux-x86_64, r-release-macos-arm64, r-release-macos-x86_64, r-release-windows-x86_64