CRAN Package Check Results for Package DataEntry

Last updated on 2019-06-20 04:51:46 CEST.

Flavor Version Tinstall Tcheck Ttotal Status Flags
r-devel-linux-x86_64-debian-clang 0.9-3 6.42 46.62 53.04 NOTE
r-devel-linux-x86_64-debian-gcc 0.9-3 5.13 38.59 43.72 NOTE
r-devel-linux-x86_64-fedora-clang 0.9-3 63.83 NOTE
r-devel-linux-x86_64-fedora-gcc 0.9-3 63.48 OK
r-devel-windows-ix86+x86_64 0.9-3 15.00 75.00 90.00 OK
r-patched-linux-x86_64 0.9-3 7.11 46.88 53.99 NOTE
r-patched-solaris-x86 0.9-3 115.80 OK
r-release-linux-x86_64 0.9-3 5.79 46.54 52.33 NOTE
r-release-windows-ix86+x86_64 0.9-3 16.00 73.00 89.00 OK
r-release-osx-x86_64 0.9-3 ERROR
r-oldrel-windows-ix86+x86_64 0.9-3 10.00 78.00 88.00 OK
r-oldrel-osx-x86_64 0.9-3 ERROR

Check Details

Version: 0.9-3
Check: R code for possible problems
Result: NOTE
    Found the following assignments to the global environment:
    File 'DataEntry/R/Export.R':
     assign(svalue(edObnm), d, envir = .GlobalEnv)
Flavors: r-devel-linux-x86_64-debian-clang, r-devel-linux-x86_64-debian-gcc, r-devel-linux-x86_64-fedora-clang, r-patched-linux-x86_64, r-release-linux-x86_64

Version: 0.9-3
Check: package dependencies
Result: ERROR
    Package required but not available: ‘gWidgets2RGtk2’
    
    See section ‘The DESCRIPTION file’ in the ‘Writing R Extensions’
    manual.
Flavors: r-release-osx-x86_64, r-oldrel-osx-x86_64