CRAN Package Check Results for Package DataEntry

Last updated on 2021-10-28 16:50:20 CEST.

Flavor Version Tinstall Tcheck Ttotal Status Flags
r-devel-linux-x86_64-debian-clang 0.9-3 8.99 56.53 65.52 NOTE
r-devel-linux-x86_64-debian-gcc 0.9-3 6.76 45.68 52.44 NOTE
r-devel-linux-x86_64-fedora-clang 0.9-3 92.62 WARN
r-devel-linux-x86_64-fedora-gcc 0.9-3 80.14 OK
r-devel-windows-x86_64 0.9-3 14.00 74.00 88.00 OK
r-devel-windows-x86_64-gcc10-UCRT 0.9-3 OK
r-patched-linux-x86_64 0.9-3 6.77 55.06 61.83 NOTE
r-patched-solaris-x86 0.9-3 125.90 OK
r-release-linux-x86_64 0.9-3 7.18 56.09 63.27 NOTE
r-release-macos-arm64 0.9-3 ERROR
r-release-macos-x86_64 0.9-3 OK
r-release-windows-ix86+x86_64 0.9-3 11.00 72.00 83.00 OK
r-oldrel-macos-x86_64 0.9-3 OK
r-oldrel-windows-ix86+x86_64 0.9-3 11.00 72.00 83.00 OK

Check Details

Version: 0.9-3
Check: R code for possible problems
Result: NOTE
    Found the following assignments to the global environment:
    File 'DataEntry/R/Export.R':
     assign(svalue(edObnm), d, envir = .GlobalEnv)
Flavors: r-devel-linux-x86_64-debian-clang, r-devel-linux-x86_64-debian-gcc, r-devel-linux-x86_64-fedora-clang, r-patched-linux-x86_64, r-release-linux-x86_64

Version: 0.9-3
Check: package dependencies
Result: WARN
    Requires orphaned package: ‘RGtk2’
Flavor: r-devel-linux-x86_64-fedora-clang

Version: 0.9-3
Check: package dependencies
Result: ERROR
    Packages required but not available: 'RGtk2', 'gWidgets2RGtk2'
    
    See section ‘The DESCRIPTION file’ in the ‘Writing R Extensions’
    manual.
Flavor: r-release-macos-arm64