CRAN Package Check Results for Package DataEntry

Last updated on 2019-09-23 11:48:16 CEST.

Flavor Version Tinstall Tcheck Ttotal Status Flags
r-devel-linux-x86_64-debian-clang 0.9-3 6.25 46.53 52.78 NOTE
r-devel-linux-x86_64-debian-gcc 0.9-3 5.97 38.46 44.43 NOTE
r-devel-linux-x86_64-fedora-clang 0.9-3 65.30 NOTE
r-devel-linux-x86_64-fedora-gcc 0.9-3 68.34 OK
r-devel-windows-ix86+x86_64 0.9-3 86.00 7.00 93.00 ERROR
r-patched-linux-x86_64 0.9-3 6.36 45.50 51.86 NOTE
r-patched-solaris-x86 0.9-3 107.50 OK
r-release-linux-x86_64 0.9-3 6.11 45.86 51.97 NOTE
r-release-windows-ix86+x86_64 0.9-3 16.00 50.00 66.00 OK
r-release-osx-x86_64 0.9-3 ERROR
r-oldrel-windows-ix86+x86_64 0.9-3 7.00 63.00 70.00 OK
r-oldrel-osx-x86_64 0.9-3 ERROR

Check Details

Version: 0.9-3
Check: R code for possible problems
Result: NOTE
    Found the following assignments to the global environment:
    File 'DataEntry/R/Export.R':
     assign(svalue(edObnm), d, envir = .GlobalEnv)
Flavors: r-devel-linux-x86_64-debian-clang, r-devel-linux-x86_64-debian-gcc, r-devel-linux-x86_64-fedora-clang, r-patched-linux-x86_64, r-release-linux-x86_64

Version: 0.9-3
Check: whether package can be installed
Result: ERROR
    Installation failed.
Flavor: r-devel-windows-ix86+x86_64

Version: 0.9-3
Check: package dependencies
Result: ERROR
    Package required but not available: ‘gWidgets2RGtk2’
    
    See section ‘The DESCRIPTION file’ in the ‘Writing R Extensions’
    manual.
Flavors: r-release-osx-x86_64, r-oldrel-osx-x86_64