CRAN Package Check Results for Package DataExplorer

Last updated on 2019-09-18 01:46:52 CEST.

Flavor Version Tinstall Tcheck Ttotal Status Flags
r-devel-linux-x86_64-debian-clang 0.8.0 5.91 233.99 239.90 OK
r-devel-linux-x86_64-debian-gcc 0.8.0 5.03 199.12 204.15 OK
r-devel-linux-x86_64-fedora-clang 0.8.0 269.01 OK
r-devel-linux-x86_64-fedora-gcc 0.8.0 260.10 OK
r-devel-windows-ix86+x86_64 0.8.0 37.00 273.00 310.00 OK
r-patched-linux-x86_64 0.8.0 5.85 239.35 245.20 OK
r-patched-solaris-x86 0.8.0 406.90 NOTE
r-release-linux-x86_64 0.8.0 4.84 237.59 242.43 OK
r-release-windows-ix86+x86_64 0.8.0 15.00 206.00 221.00 OK
r-release-osx-x86_64 0.8.0 OK
r-oldrel-windows-ix86+x86_64 0.8.0 13.00 212.00 225.00 WARN
r-oldrel-osx-x86_64 0.8.0 OK

Check Details

Version: 0.8.0
Check: installed package size
Result: NOTE
     installed size is 5.2Mb
     sub-directories of 1Mb or more:
     doc 2.4Mb
     help 2.4Mb
Flavor: r-patched-solaris-x86

Version: 0.8.0
Check: whether package can be installed
Result: WARN
    Found the following significant warnings:
     Warning: S3 methods '[.fun_list', '[.grouped_df', 'all.equal.tbl_df', 'anti_join.data.frame', 'anti_join.tbl_df', 'arrange.data.frame', 'arrange.default', 'arrange.grouped_df', 'arrange.tbl_df', 'arrange_.data.frame', 'arrange_.tbl_df', 'as.data.frame.grouped_df', 'as.data.frame.rowwise_df', 'as.data.frame.tbl_cube', 'as.table.tbl_cube', 'as.tbl.data.frame', 'as.tbl.tbl', 'as.tbl_cube.array', 'as.tbl_cube.data.frame', 'as.tbl_cube.matrix', 'as.tbl_cube.table', 'as_tibble.grouped_df', 'as_tibble.tbl_cube', 'auto_copy.tbl_cube', 'auto_copy.tbl_df', 'cbind.grouped_df', 'collapse.data.frame', 'collect.data.frame', 'common_by.NULL', 'common_by.character', 'common_by.default', 'common_by.list', 'compute.data.frame', 'copy_to.DBIConnection', 'copy_to.src_local', 'default_missing.data.frame', 'default_missing.default', 'dim.tbl_cube', 'distinct.data.frame', 'distinct.default', 'distinct.grouped_df', 'distinct.tbl_df', 'distinct_.data.frame', 'distinct_.grouped_df', 'distinct_.tbl_df', 'do.NULL', 'do.da [... truncated]
Flavor: r-oldrel-windows-ix86+x86_64