CRAN Package Check Results for Package DataLoader

Last updated on 2020-04-06 01:47:50 CEST.

Flavor Version Tinstall Tcheck Ttotal Status Flags
r-devel-linux-x86_64-debian-clang 1.3 9.25 75.59 84.84 OK
r-devel-linux-x86_64-debian-gcc 1.3 0.37 2.11 2.48 ERROR
r-devel-linux-x86_64-fedora-clang 1.3 103.71 OK
r-devel-linux-x86_64-fedora-gcc 1.3 98.81 OK
r-devel-windows-ix86+x86_64 1.3 17.00 67.00 84.00 OK
r-devel-windows-ix86+x86_64-gcc8 1.3 16.00 69.00 85.00 OK
r-patched-linux-x86_64 1.3 8.95 75.46 84.41 OK
r-patched-solaris-x86 1.3 115.40 OK
r-release-linux-x86_64 1.3 7.95 70.59 78.54 OK
r-release-windows-ix86+x86_64 1.3 13.00 91.00 104.00 OK
r-release-osx-x86_64 1.3 OK
r-oldrel-windows-ix86+x86_64 1.3 9.00 66.00 75.00 OK
r-oldrel-osx-x86_64 1.3 OK

Check Details

Version: 1.3
Check: whether package can be installed
Result: ERROR
    Installation failed.
Flavor: r-devel-linux-x86_64-debian-gcc