CRAN Package Check Results for Package DataLoader

Last updated on 2024-04-22 07:50:43 CEST.

Flavor Version Tinstall Tcheck Ttotal Status Flags
r-devel-linux-x86_64-debian-clang 1.3 9.45 82.30 91.75 NOTE
r-devel-linux-x86_64-debian-gcc 1.3 6.99 59.46 66.45 NOTE
r-devel-linux-x86_64-fedora-clang 1.3 112.65 NOTE
r-devel-linux-x86_64-fedora-gcc 1.3 113.11 NOTE
r-prerel-macos-arm64 1.3 30.00 NOTE
r-prerel-windows-x86_64 1.3 10.00 69.00 79.00 NOTE
r-patched-linux-x86_64 1.3 9.51 80.50 90.01 NOTE
r-release-linux-x86_64 1.3 9.16 81.19 90.35 NOTE
r-release-macos-arm64 1.3 36.00 NOTE
r-release-macos-x86_64 1.3 44.00 NOTE
r-release-windows-x86_64 1.3 9.00 73.00 82.00 NOTE
r-oldrel-macos-arm64 1.3 34.00 NOTE
r-oldrel-windows-x86_64 1.3 10.00 78.00 88.00 NOTE

Check Details

Version: 1.3
Check: LazyData
Result: NOTE 'LazyData' is specified without a 'data' directory Flavors: r-devel-linux-x86_64-debian-clang, r-devel-linux-x86_64-debian-gcc, r-devel-linux-x86_64-fedora-clang, r-devel-linux-x86_64-fedora-gcc, r-prerel-macos-arm64, r-prerel-windows-x86_64, r-patched-linux-x86_64, r-release-linux-x86_64, r-release-macos-arm64, r-release-macos-x86_64, r-release-windows-x86_64, r-oldrel-macos-arm64, r-oldrel-windows-x86_64