CRAN Package Check Results for Package DatabaseConnectorJars

Last updated on 2019-10-18 16:46:23 CEST.

Flavor Version Tinstall Tcheck Ttotal Status Flags
r-devel-linux-x86_64-debian-clang 1.1.0 2.88 27.26 30.14 OK
r-devel-linux-x86_64-debian-gcc 1.1.0 2.51 21.73 24.24 OK
r-devel-linux-x86_64-fedora-clang 1.1.0 37.65 NOTE
r-devel-linux-x86_64-fedora-gcc 1.1.0 36.71 OK
r-devel-windows-ix86+x86_64 1.1.0 7.00 7.00 14.00 ERROR
r-patched-linux-x86_64 1.1.0 2.94 26.83 29.77 OK
r-patched-solaris-x86 1.1.0 54.70 NOTE
r-release-linux-x86_64 1.1.0 2.67 26.54 29.21 OK
r-release-windows-ix86+x86_64 1.1.0 7.00 65.00 72.00 NOTE
r-release-osx-x86_64 1.1.0 NOTE
r-oldrel-windows-ix86+x86_64 1.1.0 6.00 56.00 62.00 NOTE
r-oldrel-osx-x86_64 1.1.0 NOTE

Check Details

Version: 1.1.0
Check: installed package size
Result: NOTE
     installed size is 7.6Mb
     sub-directories of 1Mb or more:
     java 7.5Mb
Flavors: r-devel-linux-x86_64-fedora-clang, r-patched-solaris-x86, r-release-windows-ix86+x86_64, r-release-osx-x86_64, r-oldrel-windows-ix86+x86_64, r-oldrel-osx-x86_64

Version: 1.1.0
Check: whether package can be installed
Result: ERROR
    Installation failed.
Flavor: r-devel-windows-ix86+x86_64