CRAN Package Check Results for Package DatabaseConnectorJars

Last updated on 2022-10-02 11:54:11 CEST.

Flavor Version Tinstall Tcheck Ttotal Status Flags
r-devel-linux-x86_64-debian-clang 1.1.0 3.92 35.40 39.32 OK
r-devel-linux-x86_64-debian-gcc 1.1.0 2.96 27.23 30.19 OK
r-devel-linux-x86_64-fedora-clang 1.1.0 58.07 NOTE
r-devel-linux-x86_64-fedora-gcc 1.1.0 56.81 OK
r-devel-windows-x86_64 1.1.0 61.00 61.00 122.00 NOTE
r-patched-linux-x86_64 1.1.0 3.22 34.73 37.95 OK
r-release-linux-x86_64 1.1.0 3.44 34.51 37.95 OK
r-release-macos-arm64 1.1.0 19.00 NOTE
r-release-macos-x86_64 1.1.0 28.00 NOTE
r-release-windows-x86_64 1.1.0 8.00 59.00 67.00 NOTE
r-oldrel-macos-arm64 1.1.0 31.00 NOTE
r-oldrel-macos-x86_64 1.1.0 37.00 NOTE
r-oldrel-windows-ix86+x86_64 1.1.0 10.00 51.00 61.00 NOTE

Check Details

Version: 1.1.0
Check: installed package size
Result: NOTE
     installed size is 7.6Mb
     sub-directories of 1Mb or more:
     java 7.5Mb
Flavors: r-devel-linux-x86_64-fedora-clang, r-devel-windows-x86_64, r-release-macos-arm64, r-release-macos-x86_64, r-release-windows-x86_64, r-oldrel-macos-arm64, r-oldrel-macos-x86_64, r-oldrel-windows-ix86+x86_64