CRAN Package Check Results for Package DatabaseConnectorJars

Last updated on 2020-05-26 08:49:16 CEST.

Flavor Version Tinstall Tcheck Ttotal Status Flags
r-devel-linux-x86_64-debian-clang 1.1.0 3.49 29.16 32.65 OK
r-devel-linux-x86_64-debian-gcc 1.1.0 2.50 23.06 25.56 OK
r-devel-linux-x86_64-fedora-clang 1.1.0 41.95 NOTE
r-devel-linux-x86_64-fedora-gcc 1.1.0 41.03 OK
r-devel-windows-ix86+x86_64 1.1.0 8.00 58.00 66.00 NOTE
r-patched-linux-x86_64 1.1.0 3.60 29.35 32.95 OK
r-patched-solaris-x86 1.1.0 60.30 NOTE
r-release-linux-x86_64 1.1.0 3.37 29.13 32.50 OK
r-release-osx-x86_64 1.1.0 NOTE
r-release-windows-ix86+x86_64 1.1.0 10.00 41.00 51.00 NOTE
r-oldrel-osx-x86_64 1.1.0 NOTE
r-oldrel-windows-ix86+x86_64 1.1.0 8.00 42.00 50.00 NOTE

Check Details

Version: 1.1.0
Check: installed package size
Result: NOTE
     installed size is 7.6Mb
     sub-directories of 1Mb or more:
     java 7.5Mb
Flavors: r-devel-linux-x86_64-fedora-clang, r-devel-windows-ix86+x86_64, r-patched-solaris-x86, r-release-osx-x86_64, r-release-windows-ix86+x86_64, r-oldrel-osx-x86_64, r-oldrel-windows-ix86+x86_64