CRAN Package Check Results for Package DatabionicSwarm

Last updated on 2020-10-30 11:50:43 CET.

Flavor Version Tinstall Tcheck Ttotal Status Flags
r-devel-linux-x86_64-debian-clang 1.1.3 150.92 109.16 260.08 OK
r-devel-linux-x86_64-debian-gcc 1.1.3 107.32 75.60 182.92 OK
r-devel-linux-x86_64-fedora-clang 1.1.3 382.89 NOTE
r-devel-linux-x86_64-fedora-gcc 1.1.3 333.87 OK
r-devel-windows-ix86+x86_64 1.1.3 349.00 177.00 526.00 NOTE
r-patched-linux-x86_64 1.1.3 128.65 94.32 222.97 OK
r-patched-solaris-x86 1.1.3 319.80 OK
r-release-linux-x86_64 1.1.3 130.45 96.45 226.90 OK
r-release-macos-x86_64 1.1.3 NOTE
r-release-windows-ix86+x86_64 1.1.3 294.00 122.00 416.00 NOTE
r-oldrel-macos-x86_64 1.1.3 NOTE
r-oldrel-windows-ix86+x86_64 1.1.3 311.00 158.00 469.00 NOTE

Check Details

Version: 1.1.3
Check: installed package size
Result: NOTE
     installed size is 8.0Mb
     sub-directories of 1Mb or more:
     doc 3.4Mb
     libs 4.3Mb
Flavors: r-devel-linux-x86_64-fedora-clang, r-devel-windows-ix86+x86_64, r-release-macos-x86_64, r-release-windows-ix86+x86_64, r-oldrel-macos-x86_64, r-oldrel-windows-ix86+x86_64