CRAN Package Check Results for Package DatabionicSwarm

Last updated on 2021-03-09 10:49:30 CET.

Flavor Version Tinstall Tcheck Ttotal Status Flags
r-devel-linux-x86_64-debian-clang 1.1.5 168.42 103.98 272.40 OK
r-devel-linux-x86_64-debian-gcc 1.1.5 92.11 72.28 164.39 OK
r-devel-linux-x86_64-fedora-clang 1.1.5 353.63 NOTE
r-devel-linux-x86_64-fedora-gcc 1.1.5 307.93 OK
r-devel-windows-ix86+x86_64 1.1.5 349.00 164.00 513.00 NOTE
r-devel-windows-x86_64-gcc10-UCRT 1.1.5 OK
r-patched-linux-x86_64 1.1.5 120.85 94.22 215.07 OK
r-patched-solaris-x86 1.1.5 267.70 OK
r-release-linux-x86_64 1.1.5 120.79 89.37 210.16 OK
r-release-macos-x86_64 1.1.5 NOTE
r-release-windows-ix86+x86_64 1.1.5 270.00 129.00 399.00 NOTE
r-oldrel-macos-x86_64 1.1.5 NOTE
r-oldrel-windows-ix86+x86_64 1.1.5 230.00 120.00 350.00 NOTE

Check Details

Version: 1.1.5
Check: installed package size
Result: NOTE
     installed size is 7.7Mb
     sub-directories of 1Mb or more:
     doc 3.0Mb
     libs 4.4Mb
Flavors: r-devel-linux-x86_64-fedora-clang, r-devel-windows-ix86+x86_64, r-release-macos-x86_64, r-release-windows-ix86+x86_64, r-oldrel-macos-x86_64, r-oldrel-windows-ix86+x86_64