CRAN Package Check Results for Package DatabionicSwarm

Last updated on 2019-01-23 08:49:00 CET.

Flavor Version Tinstall Tcheck Ttotal Status Flags
r-devel-linux-x86_64-debian-clang 1.1.0 107.28 206.12 313.40 OK
r-devel-linux-x86_64-debian-gcc 1.1.0 103.75 140.75 244.50 OK
r-devel-linux-x86_64-fedora-clang 1.1.0 418.47 NOTE
r-devel-linux-x86_64-fedora-gcc 1.1.0 379.51 OK
r-devel-windows-ix86+x86_64 1.1.0 348.00 488.00 836.00 NOTE
r-patched-linux-x86_64 1.1.0 124.64 190.22 314.86 OK
r-patched-solaris-x86 1.1.0 367.90 NOTE
r-release-linux-x86_64 1.1.0 114.62 191.79 306.41 OK
r-release-windows-ix86+x86_64 1.1.0 222.00 386.00 608.00 NOTE
r-release-osx-x86_64 1.1.0 NOTE
r-oldrel-windows-ix86+x86_64 1.1.0 268.00 481.00 749.00 NOTE
r-oldrel-osx-x86_64 1.1.0 NOTE

Check Details

Version: 1.1.0
Check: installed package size
Result: NOTE
     installed size is 8.5Mb
     sub-directories of 1Mb or more:
     doc 4.5Mb
     libs 3.7Mb
Flavors: r-devel-linux-x86_64-fedora-clang, r-devel-windows-ix86+x86_64, r-patched-solaris-x86, r-release-windows-ix86+x86_64, r-release-osx-x86_64, r-oldrel-windows-ix86+x86_64, r-oldrel-osx-x86_64