CRAN Package Check Results for Package DatabionicSwarm

Last updated on 2020-08-09 16:47:49 CEST.

Flavor Version Tinstall Tcheck Ttotal Status Flags
r-devel-linux-x86_64-debian-clang 1.1.3 145.06 136.83 281.89 OK
r-devel-linux-x86_64-debian-gcc 1.1.3 109.11 98.94 208.05 OK
r-devel-linux-x86_64-fedora-clang 1.1.3 388.40 NOTE
r-devel-linux-x86_64-fedora-gcc 1.1.3 367.71 OK
r-devel-windows-ix86+x86_64 1.1.3 329.00 250.00 579.00 NOTE
r-patched-linux-x86_64 1.1.3 114.89 132.54 247.43 OK
r-patched-solaris-x86 1.1.3 313.90 OK
r-release-linux-x86_64 1.1.3 99.25 132.25 231.50 OK
r-release-macos-x86_64 1.1.3 NOTE
r-release-windows-ix86+x86_64 1.1.3 372.00 252.00 624.00 NOTE
r-oldrel-macos-x86_64 1.1.3 NOTE
r-oldrel-windows-ix86+x86_64 1.1.3 240.00 170.00 410.00 NOTE

Check Details

Version: 1.1.3
Check: installed package size
Result: NOTE
     installed size is 8.1Mb
     sub-directories of 1Mb or more:
     doc 3.4Mb
     libs 4.4Mb
Flavors: r-devel-linux-x86_64-fedora-clang, r-devel-windows-ix86+x86_64, r-release-macos-x86_64, r-release-windows-ix86+x86_64, r-oldrel-macos-x86_64, r-oldrel-windows-ix86+x86_64