CRAN Package Check Results for Package DatabionicSwarm

Last updated on 2020-01-23 16:49:19 CET.

Flavor Version Tinstall Tcheck Ttotal Status Flags
r-devel-linux-x86_64-debian-clang 1.1.2 141.12 111.65 252.77 OK
r-devel-linux-x86_64-debian-gcc 1.1.2 92.48 81.27 173.75 OK
r-devel-linux-x86_64-fedora-clang 1.1.2 323.68 NOTE
r-devel-linux-x86_64-fedora-gcc 1.1.2 329.31 OK
r-devel-windows-ix86+x86_64 1.1.2 348.00 250.00 598.00 NOTE
r-devel-windows-ix86+x86_64-gcc8 1.1.2 386.00 238.00 624.00 NOTE
r-patched-linux-x86_64 1.1.2 101.75 105.86 207.61 OK
r-patched-solaris-x86 1.1.2 296.10 OK
r-release-linux-x86_64 1.1.2 105.28 103.10 208.38 OK
r-release-windows-ix86+x86_64 1.1.2 262.00 177.00 439.00 NOTE
r-release-osx-x86_64 1.1.2 NOTE
r-oldrel-windows-ix86+x86_64 1.1.2 251.00 168.00 419.00 NOTE
r-oldrel-osx-x86_64 1.1.2 NOTE

Additional issues

noSuggests

Check Details

Version: 1.1.2
Check: installed package size
Result: NOTE
     installed size is 7.5Mb
     sub-directories of 1Mb or more:
     doc 3.4Mb
     libs 3.8Mb
Flavors: r-devel-linux-x86_64-fedora-clang, r-devel-windows-ix86+x86_64, r-devel-windows-ix86+x86_64-gcc8, r-release-windows-ix86+x86_64, r-release-osx-x86_64, r-oldrel-windows-ix86+x86_64, r-oldrel-osx-x86_64