CRAN Package Check Results for Package DatabionicSwarm

Last updated on 2018-11-21 08:48:34 CET.

Flavor Version Tinstall Tcheck Ttotal Status Flags
r-devel-linux-x86_64-debian-clang 1.1.0 113.02 181.99 295.01 OK
r-devel-linux-x86_64-debian-gcc 1.1.0 99.56 132.13 231.69 OK
r-devel-linux-x86_64-fedora-clang 1.1.0 406.92 NOTE
r-devel-linux-x86_64-fedora-gcc 1.1.0 381.12 OK
r-devel-windows-ix86+x86_64 1.1.0 337.00 462.00 799.00 NOTE
r-patched-linux-x86_64 1.1.0 121.95 192.21 314.16 OK
r-patched-solaris-x86 1.1.0 369.40 NOTE
r-release-linux-x86_64 1.1.0 122.33 170.48 292.81 OK
r-release-windows-ix86+x86_64 1.1.0 260.00 441.00 701.00 NOTE
r-release-osx-x86_64 1.1.0 NOTE
r-oldrel-windows-ix86+x86_64 1.1.0 258.00 354.00 612.00 NOTE
r-oldrel-osx-x86_64 1.1.0 NOTE

Check Details

Version: 1.1.0
Check: installed package size
Result: NOTE
     installed size is 8.5Mb
     sub-directories of 1Mb or more:
     doc 4.5Mb
     libs 3.7Mb
Flavors: r-devel-linux-x86_64-fedora-clang, r-devel-windows-ix86+x86_64, r-patched-solaris-x86, r-release-windows-ix86+x86_64, r-release-osx-x86_64, r-oldrel-windows-ix86+x86_64, r-oldrel-osx-x86_64