CRAN Package Check Results for Package DatabionicSwarm

Last updated on 2019-10-15 18:48:48 CEST.

Flavor Version Tinstall Tcheck Ttotal Status Flags
r-devel-linux-x86_64-debian-clang 1.1.1 139.04 126.14 265.18 OK
r-devel-linux-x86_64-debian-gcc 1.1.1 99.27 82.29 181.56 OK
r-devel-linux-x86_64-fedora-clang 1.1.1 347.13 NOTE
r-devel-linux-x86_64-fedora-gcc 1.1.1 330.00 OK
r-devel-windows-ix86+x86_64 1.1.1 253.00 262.00 515.00 OK
r-patched-linux-x86_64 1.1.1 104.61 121.52 226.13 OK
r-patched-solaris-x86 1.1.1 294.70 OK
r-release-linux-x86_64 1.1.1 106.92 123.22 230.14 OK
r-release-windows-ix86+x86_64 1.1.1 350.00 308.00 658.00 OK
r-release-osx-x86_64 1.1.1 NOTE
r-oldrel-windows-ix86+x86_64 1.1.1 231.00 234.00 465.00 OK
r-oldrel-osx-x86_64 1.1.1 NOTE

Check Details

Version: 1.1.1
Check: installed package size
Result: NOTE
     installed size is 6.6Mb
     sub-directories of 1Mb or more:
     doc 2.5Mb
     libs 3.8Mb
Flavors: r-devel-linux-x86_64-fedora-clang, r-release-osx-x86_64, r-oldrel-osx-x86_64