CRAN Package Check Results for Package DeclareDesign

Last updated on 2019-08-24 06:47:17 CEST.

Flavor Version Tinstall Tcheck Ttotal Status Flags
r-devel-linux-x86_64-debian-clang 0.18.0 5.26 110.44 115.70 ERROR
r-devel-linux-x86_64-debian-gcc 0.18.0 4.77 91.87 96.64 ERROR
r-devel-linux-x86_64-fedora-clang 0.18.0 137.06 OK
r-devel-linux-x86_64-fedora-gcc 0.18.0 141.46 OK
r-devel-windows-ix86+x86_64 0.18.0 11.00 111.00 122.00 ERROR
r-patched-linux-x86_64 0.18.0 4.77 112.25 117.02 OK
r-patched-solaris-x86 0.18.0 215.40 OK
r-release-linux-x86_64 0.18.0 4.24 112.25 116.49 OK
r-release-windows-ix86+x86_64 0.18.0 15.00 165.00 180.00 OK
r-release-osx-x86_64 0.18.0 OK
r-oldrel-windows-ix86+x86_64 0.18.0 10.00 171.00 181.00 OK
r-oldrel-osx-x86_64 0.18.0 OK

Additional issues

noLD

Check Details

Version: 0.18.0
Check: tests
Result: ERROR
     Running 'testthat.R' [65s/77s]
    Running the tests in 'tests/testthat.R' failed.
    Complete output:
     > library(testthat)
     > library(DeclareDesign)
     Loading required package: randomizr
     Loading required package: fabricatr
     Loading required package: estimatr
     >
     > test_check("DeclareDesign")
     -- 1. Failure: No estimators / estimands (@test-declare-design.R#52) ----------
     run_design(design) not identical to structure(...).
     Component "estimates_df": Attributes: < Names: 1 string mismatch >
     Component "estimates_df": Attributes: < Length mismatch: comparison on first 2 components >
     Component "estimates_df": Attributes: < Component 2: Modes: character, numeric >
     Component "estimates_df": Attributes: < Component 2: target is character, current is numeric >
     Component "estimands_df": Attributes: < Names: 1 string mismatch >
     Component "estimands_df": Attributes: < Length mismatch: comparison on first 2 components >
     Component "estimands_df": Attributes: < Component 2: Modes: character, numeric >
     Component "estimands_df": Attributes: < Component 2: target is character, current is numeric >
    
     == testthat results ===========================================================
     [ OK: 468 | SKIPPED: 5 | WARNINGS: 11 | FAILED: 1 ]
     1. Failure: No estimators / estimands (@test-declare-design.R#52)
    
     Error: testthat unit tests failed
     Execution halted
Flavor: r-devel-linux-x86_64-debian-clang

Version: 0.18.0
Check: tests
Result: ERROR
     Running ‘testthat.R’ [55s/81s]
    Running the tests in ‘tests/testthat.R’ failed.
    Complete output:
     > library(testthat)
     > library(DeclareDesign)
     Loading required package: randomizr
     Loading required package: fabricatr
     Loading required package: estimatr
     >
     > test_check("DeclareDesign")
     ── 1. Failure: No estimators / estimands (@test-declare-design.R#52) ──────────
     run_design(design) not identical to structure(...).
     Component "estimates_df": Attributes: < Names: 1 string mismatch >
     Component "estimates_df": Attributes: < Length mismatch: comparison on first 2 components >
     Component "estimates_df": Attributes: < Component 2: Modes: character, numeric >
     Component "estimates_df": Attributes: < Component 2: target is character, current is numeric >
     Component "estimands_df": Attributes: < Names: 1 string mismatch >
     Component "estimands_df": Attributes: < Length mismatch: comparison on first 2 components >
     Component "estimands_df": Attributes: < Component 2: Modes: character, numeric >
     Component "estimands_df": Attributes: < Component 2: target is character, current is numeric >
    
     ══ testthat results ═══════════════════════════════════════════════════════════
     [ OK: 468 | SKIPPED: 5 | WARNINGS: 11 | FAILED: 1 ]
     1. Failure: No estimators / estimands (@test-declare-design.R#52)
    
     Error: testthat unit tests failed
     Execution halted
Flavor: r-devel-linux-x86_64-debian-gcc

Version: 0.18.0
Check: tests
Result: ERROR
     Running 'testthat.R' [52s]
    Running the tests in 'tests/testthat.R' failed.
    Complete output:
     > library(testthat)
     > library(DeclareDesign)
     Loading required package: randomizr
     Loading required package: fabricatr
     Loading required package: estimatr
     >
     > test_check("DeclareDesign")
     -- 1. Failure: No estimators / estimands (@test-declare-design.R#52) ----------
     run_design(design) not identical to structure(...).
     Component "estimates_df": Attributes: < Names: 1 string mismatch >
     Component "estimates_df": Attributes: < Length mismatch: comparison on first 2 components >
     Component "estimates_df": Attributes: < Component 2: Modes: character, numeric >
     Component "estimates_df": Attributes: < Component 2: target is character, current is numeric >
     Component "estimands_df": Attributes: < Names: 1 string mismatch >
     Component "estimands_df": Attributes: < Length mismatch: comparison on first 2 components >
     Component "estimands_df": Attributes: < Component 2: Modes: character, numeric >
     Component "estimands_df": Attributes: < Component 2: target is character, current is numeric >
    
     == testthat results ===========================================================
     [ OK: 468 | SKIPPED: 5 | WARNINGS: 11 | FAILED: 1 ]
     1. Failure: No estimators / estimands (@test-declare-design.R#52)
    
     Error: testthat unit tests failed
     Execution halted
Flavor: r-devel-windows-ix86+x86_64