CRAN Package Check Results for Package DemoDecomp

Last updated on 2024-03-04 17:50:50 CET.

Flavor Version Tinstall Tcheck Ttotal Status Flags
r-devel-linux-x86_64-debian-clang 1.0.1 2.43 28.02 30.45 NOTE
r-devel-linux-x86_64-debian-gcc 1.0.1 1.68 21.61 23.29 NOTE
r-devel-linux-x86_64-fedora-clang 1.0.1 38.69 NOTE
r-devel-linux-x86_64-fedora-gcc 1.0.1 35.94 NOTE
r-devel-windows-x86_64 1.0.1 3.00 46.00 49.00 NOTE
r-patched-linux-x86_64 1.0.1 2.66 27.30 29.96 NOTE
r-release-linux-x86_64 1.0.1 1.89 27.18 29.07 NOTE
r-release-macos-arm64 1.0.1 18.00 NOTE
r-release-macos-x86_64 1.0.1 24.00 NOTE
r-release-windows-x86_64 1.0.1 4.00 46.00 50.00 NOTE
r-oldrel-macos-arm64 1.0.1 24.00 OK
r-oldrel-windows-x86_64 1.0.1 3.00 48.00 51.00 OK

Check Details

Version: 1.0.1
Check: package subdirectories
Result: NOTE Problems with news in ‘NEWS.md’: Cannot extract version info from the following section titles: Changes from previous package DecompHoriuchi Flavors: r-devel-linux-x86_64-debian-clang, r-devel-linux-x86_64-debian-gcc, r-devel-linux-x86_64-fedora-clang, r-devel-linux-x86_64-fedora-gcc, r-devel-windows-x86_64, r-patched-linux-x86_64, r-release-linux-x86_64, r-release-macos-arm64, r-release-macos-x86_64, r-release-windows-x86_64