Last updated on 2023-12-06 02:55:43 CET.
Flavor | Version | Tinstall | Tcheck | Ttotal | Status | Flags |
---|---|---|---|---|---|---|
r-devel-linux-x86_64-debian-clang | 1.0.3 | 5.68 | 391.75 | 397.43 | NOTE | |
r-devel-linux-x86_64-debian-gcc | 1.0.3 | 4.39 | 320.88 | 325.27 | NOTE | |
r-devel-linux-x86_64-fedora-clang | 1.0.3 | 459.38 | NOTE | |||
r-devel-linux-x86_64-fedora-gcc | 1.0.3 | 495.31 | OK | |||
r-devel-windows-x86_64 | 1.0.3 | 6.00 | 413.00 | 419.00 | NOTE | |
r-patched-linux-x86_64 | 1.0.3 | 3.38 | 408.72 | 412.10 | OK | |
r-release-linux-x86_64 | 1.0.3 | 3.98 | 400.43 | 404.41 | OK | |
r-release-macos-arm64 | 1.0.3 | 166.00 | NOTE | |||
r-release-macos-x86_64 | 1.0.3 | 339.00 | NOTE | |||
r-release-windows-x86_64 | 1.0.3 | 8.00 | 441.00 | 449.00 | NOTE | |
r-oldrel-macos-arm64 | 1.0.3 | 167.00 | NOTE | |||
r-oldrel-macos-x86_64 | 1.0.3 | 223.00 | NOTE | |||
r-oldrel-windows-x86_64 | 1.0.3 | 7.00 | 461.00 | 468.00 | NOTE |
Version: 1.0.3
Check: Rd files
Result: NOTE
checkRd: (-1) kin.Rd:49-50: Lost braces in \itemize; \value handles \item{}{} directly
checkRd: (-1) kin.Rd:51-52: Lost braces in \itemize; \value handles \item{}{} directly
checkRd: (-1) kin.Rd:53-61: Lost braces
53 | {\itemize{
| ^
checkRd: (-1) kin.Rd:54: Lost braces in \itemize; \value handles \item{}{} directly
checkRd: (-1) kin.Rd:55: Lost braces in \itemize; \value handles \item{}{} directly
checkRd: (-1) kin.Rd:56: Lost braces in \itemize; \value handles \item{}{} directly
checkRd: (-1) kin.Rd:57: Lost braces in \itemize; \value handles \item{}{} directly
checkRd: (-1) kin.Rd:58: Lost braces in \itemize; \value handles \item{}{} directly
checkRd: (-1) kin.Rd:59: Lost braces in \itemize; \value handles \item{}{} directly
checkRd: (-1) kin2sex.Rd:56-57: Lost braces in \itemize; \value handles \item{}{} directly
checkRd: (-1) kin2sex.Rd:58: Lost braces in \itemize; \value handles \item{}{} directly
checkRd: (-1) kin2sex.Rd:59-67: Lost braces
59 | {\itemize{
| ^
checkRd: (-1) kin2sex.Rd:60: Lost braces in \itemize; \value handles \item{}{} directly
checkRd: (-1) kin2sex.Rd:61: Lost braces in \itemize; \value handles \item{}{} directly
checkRd: (-1) kin2sex.Rd:62: Lost braces in \itemize; \value handles \item{}{} directly
checkRd: (-1) kin2sex.Rd:63: Lost braces in \itemize; \value handles \item{}{} directly
checkRd: (-1) kin2sex.Rd:64: Lost braces in \itemize; \value handles \item{}{} directly
checkRd: (-1) kin2sex.Rd:65: Lost braces in \itemize; \value handles \item{}{} directly
Flavors: r-devel-linux-x86_64-debian-clang, r-devel-linux-x86_64-debian-gcc
Version: 1.0.3
Check: installed package size
Result: NOTE
installed size is 5.8Mb
sub-directories of 1Mb or more:
data 1.2Mb
doc 3.1Mb
help 1.3Mb
Flavors: r-devel-linux-x86_64-fedora-clang, r-devel-windows-x86_64, r-release-macos-arm64, r-release-macos-x86_64, r-release-windows-x86_64, r-oldrel-macos-arm64, r-oldrel-macos-x86_64, r-oldrel-windows-x86_64