CRAN Package Check Results for Package DendSer

Last updated on 2019-04-23 19:48:29 CEST.

Flavor Version Tinstall Tcheck Ttotal Status Flags
r-devel-linux-x86_64-debian-clang 1.0.1 9.85 69.90 79.75 NOTE
r-devel-linux-x86_64-debian-gcc 1.0.1 7.98 53.79 61.77 NOTE
r-devel-linux-x86_64-fedora-clang 1.0.1 92.92 NOTE
r-devel-linux-x86_64-fedora-gcc 1.0.1 87.16 NOTE
r-devel-windows-ix86+x86_64 1.0.1 28.00 155.00 183.00 NOTE
r-patched-linux-x86_64 1.0.1 9.52 68.02 77.54 NOTE
r-patched-solaris-x86 1.0.1 144.10 NOTE
r-release-linux-x86_64 1.0.1 6.29 66.72 73.01 NOTE
r-release-windows-ix86+x86_64 1.0.1 17.00 155.00 172.00 NOTE
r-release-osx-x86_64 1.0.1 NOTE
r-oldrel-windows-ix86+x86_64 1.0.1 24.00 127.00 151.00 NOTE
r-oldrel-osx-x86_64 1.0.1 NOTE

Check Details

Version: 1.0.1
Check: DESCRIPTION meta-information
Result: NOTE
    Malformed Description field: should contain one or more complete sentences.
Flavors: r-devel-linux-x86_64-debian-clang, r-devel-linux-x86_64-debian-gcc, r-devel-linux-x86_64-fedora-clang, r-devel-linux-x86_64-fedora-gcc, r-devel-windows-ix86+x86_64, r-patched-linux-x86_64, r-patched-solaris-x86, r-release-linux-x86_64, r-release-windows-ix86+x86_64, r-release-osx-x86_64, r-oldrel-windows-ix86+x86_64, r-oldrel-osx-x86_64

Version: 1.0.1
Check: R code for possible problems
Result: NOTE
    DendSer: no visible global function definition for 'getFromNamespace'
    crit2cost : <anonymous>: no visible global function definition for
     'as.dist'
    dser.dist: no visible global function definition for 'hclust'
    dser.matrix: no visible global function definition for 'dist'
    plotAsColor: no visible global function definition for 'image'
    plotAsColor: no visible global function definition for 'box'
    plotAsColor: no visible global function definition for 'axis'
    seriation_method_dist_dser: no visible global function definition for
     'hclust'
    seriation_method_dist_dser: no visible global function definition for
     'modifyList'
    seriation_method_leafsort: no visible global function definition for
     'modifyList'
    Undefined global functions or variables:
     as.dist axis box dist getFromNamespace hclust image modifyList
    Consider adding
     importFrom("graphics", "axis", "box", "image")
     importFrom("stats", "as.dist", "dist", "hclust")
     importFrom("utils", "getFromNamespace", "modifyList")
    to your NAMESPACE file.
Flavors: r-devel-linux-x86_64-debian-clang, r-devel-linux-x86_64-debian-gcc, r-devel-linux-x86_64-fedora-clang, r-devel-linux-x86_64-fedora-gcc, r-devel-windows-ix86+x86_64, r-patched-linux-x86_64, r-patched-solaris-x86, r-release-linux-x86_64, r-release-windows-ix86+x86_64, r-release-osx-x86_64, r-oldrel-windows-ix86+x86_64, r-oldrel-osx-x86_64

Version: 1.0.1
Check: compiled code
Result: NOTE
    File ‘DendSer/libs/DendSer.so’:
     Found no calls to: ‘R_registerRoutines’, ‘R_useDynamicSymbols’
    
    It is good practice to register native routines and to disable symbol
    search.
    
    See ‘Writing portable packages’ in the ‘Writing R Extensions’ manual.
Flavors: r-devel-linux-x86_64-fedora-clang, r-devel-linux-x86_64-fedora-gcc