CRAN Package Check Results for Package DepLogo

Last updated on 2020-04-03 22:50:25 CEST.

Flavor Version Tinstall Tcheck Ttotal Status Flags
r-devel-linux-x86_64-debian-clang 1.0 3.29 277.33 280.62 OK
r-devel-linux-x86_64-debian-gcc 1.0 3.41 195.21 198.62 OK
r-devel-linux-x86_64-fedora-clang 1.0 305.50 NOTE
r-devel-linux-x86_64-fedora-gcc 1.0 306.48 OK
r-devel-windows-ix86+x86_64 1.0 11.00 243.00 254.00 NOTE
r-devel-windows-ix86+x86_64-gcc8 1.0 10.00 239.00 249.00 NOTE
r-patched-linux-x86_64 1.0 3.50 248.97 252.47 OK
r-patched-solaris-x86 1.0 397.00 NOTE
r-release-linux-x86_64 1.0 2.82 259.75 262.57 OK
r-release-windows-ix86+x86_64 1.0 8.00 296.00 304.00 NOTE
r-release-osx-x86_64 1.0 NOTE
r-oldrel-windows-ix86+x86_64 1.0 10.00 285.00 295.00 NOTE
r-oldrel-osx-x86_64 1.0 NOTE

Check Details

Version: 1.0
Check: installed package size
Result: NOTE
     installed size is 7.2Mb
     sub-directories of 1Mb or more:
     doc 4.9Mb
     extdata 2.1Mb
Flavors: r-devel-linux-x86_64-fedora-clang, r-devel-windows-ix86+x86_64, r-devel-windows-ix86+x86_64-gcc8, r-patched-solaris-x86, r-release-windows-ix86+x86_64, r-release-osx-x86_64, r-oldrel-windows-ix86+x86_64, r-oldrel-osx-x86_64