Last updated on 2023-02-05 22:59:16 CET.
Flavor | Version | Tinstall | Tcheck | Ttotal | Status | Flags |
---|---|---|---|---|---|---|
r-devel-linux-x86_64-debian-clang | 2.1.5 | 186.76 | 193.54 | 380.30 | NOTE | |
r-devel-linux-x86_64-debian-gcc | 2.1.5 | 136.60 | 132.83 | 269.43 | NOTE | |
r-devel-linux-x86_64-fedora-clang | 2.1.5 | 544.17 | NOTE | |||
r-devel-linux-x86_64-fedora-gcc | 2.1.5 | 524.08 | NOTE | |||
r-devel-windows-x86_64 | 2.1.5 | 199.00 | 238.00 | 437.00 | NOTE | |
r-patched-linux-x86_64 | 2.1.5 | 148.17 | 166.56 | 314.73 | OK | |
r-release-linux-x86_64 | 2.1.5 | 146.17 | 170.26 | 316.43 | OK | |
r-release-macos-arm64 | 2.1.5 | 109.00 | NOTE | |||
r-release-macos-x86_64 | 2.1.5 | 207.00 | OK | |||
r-release-windows-x86_64 | 2.1.5 | 194.00 | 240.00 | 434.00 | OK | |
r-oldrel-macos-arm64 | 2.1.5 | 98.00 | NOTE | |||
r-oldrel-macos-x86_64 | 2.1.5 | 144.00 | OK | |||
r-oldrel-windows-ix86+x86_64 | 2.1.5 | 437.00 | 308.00 | 745.00 | OK |
Version: 2.1.5
Check: C++ specification
Result: NOTE
Specified C++11: please update to current default of C++17
Flavors: r-devel-linux-x86_64-debian-clang, r-devel-linux-x86_64-debian-gcc, r-devel-linux-x86_64-fedora-clang, r-devel-linux-x86_64-fedora-gcc, r-devel-windows-x86_64
Version: 2.1.5
Check: installed package size
Result: NOTE
installed size is 5.1Mb
sub-directories of 1Mb or more:
libs 4.1Mb
Flavors: r-release-macos-arm64, r-oldrel-macos-arm64