CRAN Package Check Results for Package Deriv

Last updated on 2021-09-22 21:52:35 CEST.

Flavor Version Tinstall Tcheck Ttotal Status Flags
r-devel-linux-x86_64-debian-clang 4.1.3 4.14 43.22 47.36 OK
r-devel-linux-x86_64-debian-gcc 4.1.3 3.02 32.94 35.96 OK
r-devel-linux-x86_64-fedora-clang 4.1.3 69.48 OK
r-devel-linux-x86_64-fedora-gcc 4.1.3 57.36 OK
r-devel-windows-x86_64 4.1.3 6.00 46.00 52.00 OK
r-devel-windows-x86_64-gcc10-UCRT 4.1.3 ERROR
r-patched-linux-x86_64 4.1.3 4.24 42.66 46.90 OK
r-patched-solaris-x86 4.1.3 80.30 OK
r-release-linux-x86_64 4.1.3 4.38 41.80 46.18 OK
r-release-macos-arm64 4.1.3 OK
r-release-macos-x86_64 4.1.3 OK
r-release-windows-ix86+x86_64 4.1.3 8.00 59.00 67.00 OK
r-oldrel-macos-x86_64 4.1.3 OK
r-oldrel-windows-ix86+x86_64 4.1.3 19.00 46.00 65.00 OK

Check Details

Version: 4.1.3
Check: PDF version of manual
Result: WARN
    LaTeX errors when creating PDF version.
    This typically indicates Rd problems.
Flavor: r-devel-windows-x86_64-gcc10-UCRT

Version: 4.1.3
Check: PDF version of manual without hyperrefs or index
Result: ERROR
    Re-running with no redirection of stdout/stderr.
Flavor: r-devel-windows-x86_64-gcc10-UCRT