CRAN Package Check Results for Package DescTools

Last updated on 2021-01-24 20:48:20 CET.

Flavor Version Tinstall Tcheck Ttotal Status Flags
r-devel-linux-x86_64-debian-clang 0.99.39 96.13 352.48 448.61 NOTE
r-devel-linux-x86_64-debian-gcc 0.99.39 72.40 262.97 335.37 NOTE
r-devel-linux-x86_64-fedora-clang 0.99.39 558.02 NOTE
r-devel-linux-x86_64-fedora-gcc 0.99.39 647.93 NOTE
r-devel-windows-ix86+x86_64 0.99.39 190.00 649.00 839.00 NOTE
r-patched-linux-x86_64 0.99.39 77.60 322.19 399.79 NOTE
r-patched-solaris-x86 0.99.39 579.40 NOTE
r-release-linux-x86_64 0.99.39 80.65 321.45 402.10 NOTE
r-release-macos-x86_64 0.99.39 NOTE
r-release-windows-ix86+x86_64 0.99.39 177.00 636.00 813.00 NOTE
r-oldrel-macos-x86_64 0.99.39 NOTE
r-oldrel-windows-ix86+x86_64 0.99.39 158.00 530.00 688.00 NOTE

Check Details

Version: 0.99.39
Check: package dependencies
Result: NOTE
    Package suggested but not available for checking: 'RDCOMClient'
Flavors: r-devel-linux-x86_64-debian-clang, r-devel-linux-x86_64-debian-gcc, r-devel-linux-x86_64-fedora-clang, r-devel-linux-x86_64-fedora-gcc, r-devel-windows-ix86+x86_64, r-patched-linux-x86_64, r-patched-solaris-x86, r-release-linux-x86_64, r-release-macos-x86_64, r-release-windows-ix86+x86_64, r-oldrel-macos-x86_64, r-oldrel-windows-ix86+x86_64

Version: 0.99.39
Check: installed package size
Result: NOTE
     installed size is 8.7Mb
     sub-directories of 1Mb or more:
     R 1.6Mb
     doc 1.7Mb
     help 1.5Mb
     libs 3.3Mb
Flavors: r-devel-linux-x86_64-fedora-clang, r-devel-windows-ix86+x86_64, r-patched-solaris-x86, r-release-macos-x86_64, r-release-windows-ix86+x86_64, r-oldrel-macos-x86_64, r-oldrel-windows-ix86+x86_64

Version: 0.99.39
Check: Rd cross-references
Result: NOTE
    Undeclared packages ‘ineq’, ‘randtests’, ‘Hmisc’, ‘plotrix’, ‘caret’, ‘pcaPP’, ‘polycor’, ‘lmtest’, ‘car’, ‘gmp’, ‘vcdExtra’, ‘chron’, ‘coin’, ‘caTools’, ‘forecast’, ‘sfsmisc’, ‘vcd’, ‘corrgram’, ‘UsingR’, ‘memisc’, ‘gtools’, ‘BSDA’, ‘prettyR’ in Rd xrefs
Flavor: r-devel-linux-x86_64-fedora-clang

Version: 0.99.39
Check: dependencies in R code
Result: NOTE
    No protocol specified
    No protocol specified
Flavor: r-oldrel-macos-x86_64