CRAN Package Check Results for Package DetMCD

Last updated on 2019-07-21 04:46:13 CEST.

Flavor Version Tinstall Tcheck Ttotal Status Flags
r-devel-linux-x86_64-debian-clang 0.0.5 30.43 22.99 53.42 OK
r-devel-linux-x86_64-debian-gcc 0.0.5 26.32 20.04 46.36 OK
r-devel-linux-x86_64-fedora-clang 0.0.5 74.72 NOTE
r-devel-linux-x86_64-fedora-gcc 0.0.5 72.96 OK
r-devel-windows-ix86+x86_64 0.0.5 47.00 86.00 133.00 OK
r-patched-linux-x86_64 0.0.5 31.34 24.11 55.45 OK
r-patched-solaris-x86 0.0.5 77.50 OK
r-release-linux-x86_64 0.0.5 29.21 24.07 53.28 OK
r-release-windows-ix86+x86_64 0.0.5 46.00 52.00 98.00 OK
r-release-osx-x86_64 0.0.5 NOTE
r-oldrel-windows-ix86+x86_64 0.0.5 61.00 74.00 135.00 OK
r-oldrel-osx-x86_64 0.0.5 NOTE

Check Details

Version: 0.0.5
Check: installed package size
Result: NOTE
     installed size is 10.9Mb
     sub-directories of 1Mb or more:
     libs 10.8Mb
Flavors: r-devel-linux-x86_64-fedora-clang, r-release-osx-x86_64, r-oldrel-osx-x86_64