Last updated on 2023-02-07 12:55:26 CET.
Flavor | Version | Tinstall | Tcheck | Ttotal | Status | Flags |
---|---|---|---|---|---|---|
r-devel-linux-x86_64-debian-clang | 0.0.5 | 37.40 | 29.19 | 66.59 | OK | |
r-devel-linux-x86_64-debian-gcc | 0.0.5 | 24.55 | 24.40 | 48.95 | OK | |
r-devel-linux-x86_64-fedora-clang | 0.0.5 | 93.46 | OK | |||
r-devel-linux-x86_64-fedora-gcc | 0.0.5 | 93.28 | OK | |||
r-devel-windows-x86_64 | 0.0.5 | 33.00 | 82.00 | 115.00 | OK | |
r-patched-linux-x86_64 | 0.0.5 | 29.93 | 30.84 | 60.77 | OK | |
r-release-linux-x86_64 | 0.0.5 | 26.57 | 30.91 | 57.48 | OK | |
r-release-macos-arm64 | 0.0.5 | 33.00 | NOTE | |||
r-release-macos-x86_64 | 0.0.5 | 37.00 | NOTE | |||
r-release-windows-x86_64 | 0.0.5 | 30.00 | 83.00 | 113.00 | OK | |
r-oldrel-macos-arm64 | 0.0.5 | 36.00 | NOTE | |||
r-oldrel-macos-x86_64 | 0.0.5 | 51.00 | NOTE | |||
r-oldrel-windows-ix86+x86_64 | 0.0.5 | 79.00 | 81.00 | 160.00 | OK |
Version: 0.0.5
Check: installed package size
Result: NOTE
installed size is 12.1Mb
sub-directories of 1Mb or more:
libs 12.0Mb
Flavors: r-release-macos-arm64, r-release-macos-x86_64, r-oldrel-macos-arm64, r-oldrel-macos-x86_64