Last updated on 2023-01-29 23:03:05 CET.
Flavor | Version | Tinstall | Tcheck | Ttotal | Status | Flags |
---|---|---|---|---|---|---|
r-devel-linux-x86_64-debian-clang | 0.0.5 | 59.23 | 40.62 | 99.85 | OK | |
r-devel-linux-x86_64-debian-gcc | 0.0.5 | 43.87 | 33.81 | 77.68 | NOTE | |
r-devel-linux-x86_64-fedora-clang | 0.0.5 | 128.13 | OK | |||
r-devel-linux-x86_64-fedora-gcc | 0.0.5 | 122.37 | NOTE | |||
r-devel-windows-x86_64 | 0.0.5 | 48.00 | 96.00 | 144.00 | NOTE | |
r-patched-linux-x86_64 | 0.0.5 | 52.46 | 40.92 | 93.38 | OK | |
r-release-linux-x86_64 | 0.0.5 | 49.25 | 41.75 | 91.00 | OK | |
r-release-macos-arm64 | 0.0.5 | 43.00 | NOTE | |||
r-release-macos-x86_64 | 0.0.5 | 51.00 | NOTE | |||
r-release-windows-x86_64 | 0.0.5 | 48.00 | 88.00 | 136.00 | OK | |
r-oldrel-macos-arm64 | 0.0.5 | 48.00 | NOTE | |||
r-oldrel-macos-x86_64 | 0.0.5 | 71.00 | NOTE | |||
r-oldrel-windows-ix86+x86_64 | 0.0.5 | 120.00 | 89.00 | 209.00 | OK |
Version: 0.0.5
Check: C++ specification
Result: NOTE
Specified C++11: please update to current default of C++17
Flavors: r-devel-linux-x86_64-debian-gcc, r-devel-linux-x86_64-fedora-gcc, r-devel-windows-x86_64
Version: 0.0.5
Check: installed package size
Result: NOTE
installed size is 19.6Mb
sub-directories of 1Mb or more:
libs 18.8Mb
Flavors: r-release-macos-arm64, r-release-macos-x86_64, r-oldrel-macos-arm64, r-oldrel-macos-x86_64