CRAN Package Check Results for Package DiPALM

Last updated on 2020-07-04 14:48:12 CEST.

Flavor Version Tinstall Tcheck Ttotal Status Flags
r-devel-linux-x86_64-debian-clang 1.0 22.80 187.34 210.14 OK
r-devel-linux-x86_64-debian-gcc 1.0 18.31 141.45 159.76 OK
r-devel-linux-x86_64-fedora-clang 1.0 261.72 OK
r-devel-linux-x86_64-fedora-gcc 1.0 253.33 OK
r-devel-windows-ix86+x86_64 1.0 69.00 258.00 327.00 OK
r-patched-linux-x86_64 1.0 16.53 183.67 200.20 OK
r-patched-solaris-x86 1.0 359.50 OK
r-release-linux-x86_64 1.0 15.95 184.81 200.76 OK
r-release-osx-x86_64 1.0 OK
r-release-windows-ix86+x86_64 1.0 45.00 184.00 229.00 OK
r-oldrel-osx-x86_64 1.0 ERROR
r-oldrel-windows-ix86+x86_64 1.0 63.00 243.00 306.00 OK

Check Details

Version: 1.0
Check: package dependencies
Result: ERROR
    Package required but not available: ‘WGCNA’
    
    See section ‘The DESCRIPTION file’ in the ‘Writing R Extensions’
    manual.
Flavor: r-oldrel-osx-x86_64