Last updated on 2023-06-01 23:56:15 CEST.
Flavor | Version | Tinstall | Tcheck | Ttotal | Status | Flags |
---|---|---|---|---|---|---|
r-devel-linux-x86_64-debian-clang | 0.6.4 | 4.31 | 37.06 | 41.37 | NOTE | |
r-devel-linux-x86_64-debian-gcc | 0.6.4 | 3.40 | 29.48 | 32.88 | NOTE | |
r-devel-linux-x86_64-fedora-clang | 0.6.4 | 53.51 | NOTE | |||
r-devel-linux-x86_64-fedora-gcc | 0.6.4 | 50.59 | NOTE | |||
r-devel-windows-x86_64 | 0.6.4 | 5.00 | 59.00 | 64.00 | NOTE | |
r-patched-linux-x86_64 | 0.6.4 | NOTE | ||||
r-release-linux-x86_64 | 0.6.4 | 2.90 | 36.20 | 39.10 | NOTE | |
r-release-macos-arm64 | 0.6.4 | 22.00 | NOTE | |||
r-release-macos-x86_64 | 0.6.4 | 31.00 | NOTE | |||
r-release-windows-x86_64 | 0.6.4 | 6.00 | 58.00 | 64.00 | NOTE | |
r-oldrel-macos-arm64 | 0.6.4 | 24.00 | NOTE | |||
r-oldrel-macos-x86_64 | 0.6.4 | 29.00 | NOTE | |||
r-oldrel-windows-x86_64 | 0.6.4 | 5.00 | 65.00 | 70.00 | NOTE |
Version: 0.6.4
Check: package dependencies
Result: NOTE
Package suggested but not available for checking: ‘rrelaxiv’
Flavors: r-devel-linux-x86_64-debian-clang, r-devel-linux-x86_64-debian-gcc, r-devel-linux-x86_64-fedora-clang, r-devel-linux-x86_64-fedora-gcc, r-devel-windows-x86_64, r-patched-linux-x86_64, r-release-linux-x86_64, r-release-macos-arm64, r-release-macos-x86_64, r-release-windows-x86_64, r-oldrel-macos-arm64, r-oldrel-macos-x86_64, r-oldrel-windows-x86_64