CRAN Package Check Results for Package DiceKriging

Last updated on 2021-09-20 15:52:39 CEST.

Flavor Version Tinstall Tcheck Ttotal Status Flags
r-devel-linux-x86_64-debian-clang 1.6.0 8.90 68.86 77.76 OK
r-devel-linux-x86_64-debian-gcc 1.6.0 6.96 54.31 61.27 OK
r-devel-linux-x86_64-fedora-clang 1.6.0 105.63 OK
r-devel-linux-x86_64-fedora-gcc 1.6.0 91.86 OK
r-devel-windows-x86_64 1.6.0 16.00 73.00 89.00 OK
r-devel-windows-x86_64-gcc10-UCRT 1.6.0 ERROR
r-patched-linux-x86_64 1.6.0 10.61 67.50 78.11 OK
r-patched-solaris-x86 1.6.0 134.70 OK
r-release-linux-x86_64 1.6.0 9.03 66.81 75.84 OK
r-release-macos-arm64 1.6.0 OK
r-release-macos-x86_64 1.6.0 OK
r-release-windows-ix86+x86_64 1.6.0 26.00 126.00 152.00 OK
r-oldrel-macos-x86_64 1.6.0 OK
r-oldrel-windows-ix86+x86_64 1.6.0 24.00 99.00 123.00 OK

Check Details

Version: 1.6.0
Check: whether package can be installed
Result: ERROR
    Installation failed.
Flavor: r-devel-windows-x86_64-gcc10-UCRT