CRAN Package Check Results for Package DiceView

Last updated on 2020-08-15 21:47:46 CEST.

Flavor Version Tinstall Tcheck Ttotal Status Flags
r-devel-linux-x86_64-debian-clang 2.0-0 8.65 94.09 102.74 OK
r-devel-linux-x86_64-debian-gcc 2.0-0 6.64 69.60 76.24 OK
r-devel-linux-x86_64-fedora-clang 2.0-0 125.64 OK
r-devel-linux-x86_64-fedora-gcc 2.0-0 115.20 OK
r-devel-windows-ix86+x86_64 2.0-0 27.00 136.00 163.00 OK
r-patched-linux-x86_64 2.0-0 8.50 92.23 100.73 OK
r-patched-solaris-x86 2.0-0 146.80 OK
r-release-linux-x86_64 2.0-0 7.99 94.25 102.24 OK
r-release-macos-x86_64 2.0-0 OK
r-release-windows-ix86+x86_64 2.0-0 23.00 95.00 118.00 OK
r-oldrel-macos-x86_64 2.0-0 WARN
r-oldrel-windows-ix86+x86_64 2.0-0 13.00 100.00 113.00 OK

Check Details

Version: 2.0-0
Check: whether package can be installed
Result: WARN
    Found the following significant warnings:
     Warning: 'rgl.init' failed, running with 'rgl.useNULL = TRUE'.
Flavor: r-oldrel-macos-x86_64