CRAN Package Check Results for Package DidacticBoost

Last updated on 2021-09-16 23:49:52 CEST.

Flavor Version Tinstall Tcheck Ttotal Status Flags
r-devel-linux-x86_64-debian-clang 0.1.1 2.00 23.55 25.55 NOTE
r-devel-linux-x86_64-debian-gcc 0.1.1 1.48 18.15 19.63 NOTE
r-devel-linux-x86_64-fedora-clang 0.1.1 39.03 NOTE
r-devel-linux-x86_64-fedora-gcc 0.1.1 28.29 NOTE
r-devel-windows-x86_64 0.1.1 3.00 41.00 44.00 NOTE
r-devel-windows-x86_64-gcc10-UCRT 0.1.1 NOTE
r-patched-linux-x86_64 0.1.1 1.88 22.41 24.29 NOTE
r-patched-solaris-x86 0.1.1 46.60 NOTE
r-release-linux-x86_64 0.1.1 1.75 22.34 24.09 NOTE
r-release-macos-arm64 0.1.1 NOTE
r-release-macos-x86_64 0.1.1 NOTE
r-release-windows-ix86+x86_64 0.1.1 5.00 37.00 42.00 NOTE
r-oldrel-macos-x86_64 0.1.1 OK
r-oldrel-windows-ix86+x86_64 0.1.1 3.00 35.00 38.00 OK

Check Details

Version: 0.1.1
Check: LazyData
Result: NOTE
     'LazyData' is specified without a 'data' directory
Flavors: r-devel-linux-x86_64-debian-clang, r-devel-linux-x86_64-debian-gcc, r-devel-linux-x86_64-fedora-clang, r-devel-linux-x86_64-fedora-gcc, r-devel-windows-x86_64, r-devel-windows-x86_64-gcc10-UCRT, r-patched-linux-x86_64, r-patched-solaris-x86, r-release-linux-x86_64, r-release-macos-arm64, r-release-macos-x86_64, r-release-windows-ix86+x86_64