CRAN Package Check Results for Package Directional

Last updated on 2019-05-25 15:47:34 CEST.

Flavor Version Tinstall Tcheck Ttotal Status Flags
r-devel-linux-x86_64-debian-clang 3.7 9.28 70.26 79.54 OK
r-devel-linux-x86_64-debian-gcc 3.7 7.00 53.50 60.50 OK
r-devel-linux-x86_64-fedora-clang 3.7 92.31 OK
r-devel-linux-x86_64-fedora-gcc 3.7 94.51 OK
r-devel-windows-ix86+x86_64 3.7 18.00 127.00 145.00 OK
r-patched-linux-x86_64 3.7 OK
r-patched-solaris-x86 3.7 126.00 OK
r-release-linux-x86_64 3.7 9.58 69.72 79.30 OK
r-release-windows-ix86+x86_64 3.7 32.00 92.00 124.00 OK
r-release-osx-x86_64 3.7 WARN
r-oldrel-windows-ix86+x86_64 3.7 19.00 89.00 108.00 OK
r-oldrel-osx-x86_64 3.7 WARN

Check Details

Version: 3.7
Check: whether package can be installed
Result: WARN
    Found the following significant warnings:
     Warning: 'rgl_init' failed, running with rgl.useNULL = TRUE
Flavors: r-release-osx-x86_64, r-oldrel-osx-x86_64