CRAN Package Check Results for Package Directional

Last updated on 2019-10-16 19:46:19 CEST.

Flavor Version Tinstall Tcheck Ttotal Status Flags
r-devel-linux-x86_64-debian-clang 4.0 10.76 81.90 92.66 OK
r-devel-linux-x86_64-debian-gcc 4.0 9.01 61.08 70.09 OK
r-devel-linux-x86_64-fedora-clang 4.0 107.88 OK
r-devel-linux-x86_64-fedora-gcc 4.0 103.91 OK
r-devel-windows-ix86+x86_64 4.0 38.00 100.00 138.00 OK
r-patched-linux-x86_64 4.0 12.00 79.62 91.62 OK
r-patched-solaris-x86 4.0 145.10 OK
r-release-linux-x86_64 4.0 11.56 79.07 90.63 OK
r-release-windows-ix86+x86_64 4.0 20.00 102.00 122.00 OK
r-release-osx-x86_64 4.0 WARN
r-oldrel-windows-ix86+x86_64 4.0 14.00 87.00 101.00 OK
r-oldrel-osx-x86_64 4.0 WARN

Check Details

Version: 4.0
Check: whether package can be installed
Result: WARN
    Found the following significant warnings:
     Warning: 'rgl_init' failed, running with rgl.useNULL = TRUE
Flavors: r-release-osx-x86_64, r-oldrel-osx-x86_64

Version: 4.0
Check: dependencies in R code
Result: NOTE
    No protocol specified
Flavors: r-release-osx-x86_64, r-oldrel-osx-x86_64

Version: 4.0
Check: S3 generic/method consistency
Result: WARN
    No protocol specified
    See section ‘Generic functions and methods’ in the ‘Writing R
    Extensions’ manual.
Flavors: r-release-osx-x86_64, r-oldrel-osx-x86_64

Version: 4.0
Check: replacement functions
Result: WARN
    No protocol specified
    The argument of a replacement function which corresponds to the right
    hand side must be named ‘value’.
Flavors: r-release-osx-x86_64, r-oldrel-osx-x86_64

Version: 4.0
Check: foreign function calls
Result: NOTE
    No protocol specified
    See chapter ‘System and foreign language interfaces’ in the ‘Writing R
    Extensions’ manual.
Flavors: r-release-osx-x86_64, r-oldrel-osx-x86_64

Version: 4.0
Check: R code for possible problems
Result: NOTE
    No protocol specified
Flavors: r-release-osx-x86_64, r-oldrel-osx-x86_64

Version: 4.0
Check: for missing documentation entries
Result: WARN
    No protocol specified
    All user-level objects in a package should have documentation entries.
    See chapter ‘Writing R documentation files’ in the ‘Writing R
    Extensions’ manual.
Flavors: r-release-osx-x86_64, r-oldrel-osx-x86_64

Version: 4.0
Check: for code/documentation mismatches
Result: WARN
    No protocol specified
    No protocol specified
    No protocol specified
Flavors: r-release-osx-x86_64, r-oldrel-osx-x86_64

Version: 4.0
Check: Rd \usage sections
Result: NOTE
    No protocol specified
    The \usage entries for S3 methods should use the \method markup and not
    their full name.
    See chapter ‘Writing R documentation files’ in the ‘Writing R
    Extensions’ manual.
Flavors: r-release-osx-x86_64, r-oldrel-osx-x86_64