CRAN Package Check Results for Package DirichletReg

Last updated on 2019-05-24 02:53:39 CEST.

Flavor Version Tinstall Tcheck Ttotal Status Flags
r-devel-linux-x86_64-debian-clang 0.6-3.1 7.93 55.59 63.52 OK
r-devel-linux-x86_64-debian-gcc 0.6-3.1 6.28 44.75 51.03 OK
r-devel-linux-x86_64-fedora-clang 0.6-3.1 78.17 OK
r-devel-linux-x86_64-fedora-gcc 0.6-3.1 72.80 OK
r-devel-windows-ix86+x86_64 0.6-3.1 20.00 99.00 119.00 OK
r-patched-linux-x86_64 0.6-3.1 6.00 55.09 61.09 OK
r-patched-solaris-x86 0.6-3.1 122.50 OK
r-release-linux-x86_64 0.6-3.1 7.57 55.74 63.31 OK
r-release-windows-ix86+x86_64 0.6-3.1 32.00 129.00 161.00 OK
r-release-osx-x86_64 0.6-3.1 WARN
r-oldrel-windows-ix86+x86_64 0.6-3.1 15.00 126.00 141.00 OK
r-oldrel-osx-x86_64 0.6-3.1 OK

Check Details

Version: 0.6-3.1
Check: whether package can be installed
Result: WARN
    Found the following significant warnings:
     Warning: 'rgl_init' failed, running with rgl.useNULL = TRUE
Flavor: r-release-osx-x86_64