CRAN Package Check Results for Package DirichletReg

Last updated on 2019-11-13 11:47:06 CET.

Flavor Version Tinstall Tcheck Ttotal Status Flags
r-devel-linux-x86_64-debian-clang 0.6-3.1 9.71 57.33 67.04 OK
r-devel-linux-x86_64-debian-gcc 0.6-3.1 6.78 45.84 52.62 OK
r-devel-linux-x86_64-fedora-clang 0.6-3.1 82.11 OK
r-devel-linux-x86_64-fedora-gcc 0.6-3.1 79.66 OK
r-devel-windows-ix86+x86_64 0.6-3.1 43.00 95.00 138.00 OK
r-patched-linux-x86_64 0.6-3.1 8.35 57.14 65.49 OK
r-patched-solaris-x86 0.6-3.1 114.00 OK
r-release-linux-x86_64 0.6-3.1 6.59 56.81 63.40 OK
r-release-windows-ix86+x86_64 0.6-3.1 38.00 150.00 188.00 OK
r-release-osx-x86_64 0.6-3.1 WARN
r-oldrel-windows-ix86+x86_64 0.6-3.1 16.00 115.00 131.00 OK
r-oldrel-osx-x86_64 0.6-3.1 OK

Check Details

Version: 0.6-3.1
Check: whether package can be installed
Result: WARN
    Found the following significant warnings:
     Warning: 'rgl_init' failed, running with rgl.useNULL = TRUE
Flavor: r-release-osx-x86_64