CRAN Package Check Results for Package DirichletReg

Last updated on 2019-07-22 20:49:14 CEST.

Flavor Version Tinstall Tcheck Ttotal Status Flags
r-devel-linux-x86_64-debian-clang 0.6-3.1 8.54 55.24 63.78 OK
r-devel-linux-x86_64-debian-gcc 0.6-3.1 5.96 45.01 50.97 OK
r-devel-linux-x86_64-fedora-clang 0.6-3.1 76.62 OK
r-devel-linux-x86_64-fedora-gcc 0.6-3.1 73.22 OK
r-devel-windows-ix86+x86_64 0.6-3.1 18.00 174.00 192.00 OK
r-patched-linux-x86_64 0.6-3.1 7.69 55.16 62.85 OK
r-patched-solaris-x86 0.6-3.1 126.10 OK
r-release-linux-x86_64 0.6-3.1 7.35 54.86 62.21 OK
r-release-windows-ix86+x86_64 0.6-3.1 20.00 97.00 117.00 OK
r-release-osx-x86_64 0.6-3.1 WARN
r-oldrel-windows-ix86+x86_64 0.6-3.1 20.00 176.00 196.00 OK
r-oldrel-osx-x86_64 0.6-3.1 OK

Check Details

Version: 0.6-3.1
Check: whether package can be installed
Result: WARN
    Found the following significant warnings:
     Warning: 'rgl_init' failed, running with rgl.useNULL = TRUE
Flavor: r-release-osx-x86_64