CRAN Package Check Results for Package DiscreteQvalue

Last updated on 2023-02-06 02:52:32 CET.

Flavor Version Tinstall Tcheck Ttotal Status Flags
r-devel-linux-x86_64-debian-clang 1.1 2.15 22.15 24.30 NOTE
r-devel-linux-x86_64-debian-gcc 1.1 1.58 17.33 18.91 NOTE
r-devel-linux-x86_64-fedora-clang 1.1 35.23 NOTE
r-devel-linux-x86_64-fedora-gcc 1.1 32.82 NOTE
r-devel-windows-x86_64 1.1 20.00 51.00 71.00 NOTE
r-patched-linux-x86_64 1.1 2.21 21.88 24.09 NOTE
r-release-linux-x86_64 1.1 2.18 22.08 24.26 NOTE
r-release-macos-arm64 1.1 14.00 NOTE
r-release-macos-x86_64 1.1 20.00 NOTE
r-release-windows-x86_64 1.1 24.00 52.00 76.00 NOTE
r-oldrel-macos-arm64 1.1 18.00 NOTE
r-oldrel-macos-x86_64 1.1 26.00 NOTE
r-oldrel-windows-ix86+x86_64 1.1 6.00 48.00 54.00 NOTE

Check Details

Version: 1.1
Check: LazyData
Result: NOTE
     'LazyData' is specified without a 'data' directory
Flavors: r-devel-linux-x86_64-debian-clang, r-devel-linux-x86_64-debian-gcc, r-devel-linux-x86_64-fedora-clang, r-devel-linux-x86_64-fedora-gcc, r-devel-windows-x86_64, r-patched-linux-x86_64, r-release-linux-x86_64, r-release-macos-arm64, r-release-macos-x86_64, r-release-windows-x86_64, r-oldrel-macos-arm64, r-oldrel-macos-x86_64, r-oldrel-windows-ix86+x86_64