CRAN Package Check Results for Package DiscreteQvalue

Last updated on 2024-02-23 20:51:16 CET.

Flavor Version Tinstall Tcheck Ttotal Status Flags
r-devel-linux-x86_64-debian-clang 1.1 NOTE
r-devel-linux-x86_64-debian-gcc 1.1 1.79 17.54 19.33 NOTE
r-devel-linux-x86_64-fedora-clang 1.1 34.48 NOTE
r-devel-linux-x86_64-fedora-gcc 1.1 29.35 NOTE
r-devel-windows-x86_64 1.1 3.00 39.00 42.00 NOTE
r-patched-linux-x86_64 1.1 2.47 22.66 25.13 NOTE
r-release-linux-x86_64 1.1 1.62 22.41 24.03 NOTE
r-release-macos-arm64 1.1 14.00 NOTE
r-release-macos-x86_64 1.1 18.00 NOTE
r-release-windows-x86_64 1.1 3.00 39.00 42.00 NOTE
r-oldrel-macos-arm64 1.1 15.00 NOTE
r-oldrel-windows-x86_64 1.1 5.00 42.00 47.00 NOTE

Check Details

Version: 1.1
Check: LazyData
Result: NOTE 'LazyData' is specified without a 'data' directory Flavors: r-devel-linux-x86_64-debian-clang, r-devel-linux-x86_64-debian-gcc, r-devel-linux-x86_64-fedora-clang, r-devel-linux-x86_64-fedora-gcc, r-devel-windows-x86_64, r-patched-linux-x86_64, r-release-linux-x86_64, r-release-macos-arm64, r-release-macos-x86_64, r-release-windows-x86_64, r-oldrel-macos-arm64, r-oldrel-windows-x86_64