CRAN Package Check Results for Package DisimForMixed

Last updated on 2024-03-01 10:52:59 CET.

Flavor Version Tinstall Tcheck Ttotal Status Flags
r-devel-linux-x86_64-debian-clang 0.2 2.29 27.75 30.04 NOTE
r-devel-linux-x86_64-debian-gcc 0.2 1.85 21.01 22.86 NOTE
r-devel-linux-x86_64-fedora-clang 0.2 38.55 NOTE
r-devel-linux-x86_64-fedora-gcc 0.2 35.40 NOTE
r-devel-windows-x86_64 0.2 3.00 42.00 45.00 NOTE
r-patched-linux-x86_64 0.2 2.04 26.92 28.96 NOTE
r-release-linux-x86_64 0.2 2.40 27.05 29.45 NOTE
r-release-macos-arm64 0.2 17.00 NOTE
r-release-macos-x86_64 0.2 22.00 NOTE
r-release-windows-x86_64 0.2 4.00 42.00 46.00 NOTE
r-oldrel-macos-arm64 0.2 16.00 NOTE
r-oldrel-windows-x86_64 0.2 3.00 51.00 54.00 NOTE

Check Details

Version: 0.2
Check: LazyData
Result: NOTE 'LazyData' is specified without a 'data' directory Flavors: r-devel-linux-x86_64-debian-clang, r-devel-linux-x86_64-debian-gcc, r-devel-linux-x86_64-fedora-clang, r-devel-linux-x86_64-fedora-gcc, r-devel-windows-x86_64, r-patched-linux-x86_64, r-release-linux-x86_64, r-release-macos-arm64, r-release-macos-x86_64, r-release-windows-x86_64, r-oldrel-macos-arm64, r-oldrel-windows-x86_64