CRAN Package Check Results for Package Distance

Last updated on 2019-03-23 09:47:48 CET.

Flavor Version Tinstall Tcheck Ttotal Status Flags
r-devel-linux-x86_64-debian-clang 0.9.7 6.37 55.49 61.86 OK
r-devel-linux-x86_64-debian-gcc 0.9.7 6.15 45.07 51.22 OK
r-devel-linux-x86_64-fedora-clang 0.9.7 75.56 OK
r-devel-linux-x86_64-fedora-gcc 0.9.7 71.16 OK
r-devel-windows-ix86+x86_64 0.9.7 15.00 84.00 99.00 OK
r-patched-linux-x86_64 0.9.7 4.78 52.01 56.79 OK
r-patched-solaris-x86 0.9.7 106.10 OK
r-release-linux-x86_64 0.9.7 0.26 2.05 2.31 ERROR
r-release-windows-ix86+x86_64 0.9.7 8.00 65.00 73.00 OK
r-release-osx-x86_64 0.9.7 OK
r-oldrel-windows-ix86+x86_64 0.9.7 11.00 92.00 103.00 OK
r-oldrel-osx-x86_64 0.9.7 OK

Check Details

Version: 0.9.7
Check: whether package can be installed
Result: ERROR
    Installation failed.
Flavor: r-release-linux-x86_64