CRAN Package Check Results for Package Distance

Last updated on 2017-05-30 12:46:15.

Flavor Version Tinstall Tcheck Ttotal Status Flags
r-devel-linux-x86_64-debian-clang 0.9.6 2.80 79.87 82.67 NOTE
r-devel-linux-x86_64-debian-gcc 0.9.6 2.72 61.56 64.27 NOTE
r-devel-linux-x86_64-fedora-clang 0.9.6 84.67 NOTE
r-devel-linux-x86_64-fedora-gcc 0.9.6 130.40 NOTE
r-devel-windows-ix86+x86_64 0.9.6 7.00 111.00 118.00 OK
r-patched-linux-x86_64 0.9.6 2.79 60.31 63.10 NOTE
r-patched-solaris-sparc 0.9.6 769.10 OK
r-patched-solaris-x86 0.9.6 168.60 OK
r-release-linux-x86_64 0.9.6 2.88 58.77 61.64 NOTE
r-release-windows-ix86+x86_64 0.9.6 11.00 137.00 148.00 OK
r-release-osx-x86_64 0.9.6 OK
r-oldrel-windows-ix86+x86_64 0.9.6 8.00 90.00 98.00 OK
r-oldrel-osx-x86_64 0.9.6 OK

Check Details

Version: 0.9.6
Check: top-level files
Result: NOTE
    Non-standard file/directory found at top level:
     ‘Distance.Rproj’
Flavors: r-devel-linux-x86_64-debian-clang, r-devel-linux-x86_64-debian-gcc, r-devel-linux-x86_64-fedora-clang, r-devel-linux-x86_64-fedora-gcc, r-patched-linux-x86_64, r-release-linux-x86_64