CRAN Package Check Results for Package DoE.base

Last updated on 2019-11-14 03:55:58 CET.

Flavor Version Tinstall Tcheck Ttotal Status Flags
r-devel-linux-x86_64-debian-clang 1.1-3 14.55 99.62 114.17 NOTE
r-devel-linux-x86_64-debian-gcc 1.1-3 11.75 75.35 87.10 NOTE
r-devel-linux-x86_64-fedora-clang 1.1-3 139.05 NOTE
r-devel-linux-x86_64-fedora-gcc 1.1-3 134.84 NOTE
r-devel-windows-ix86+x86_64 1.1-3 29.00 153.00 182.00 OK
r-patched-linux-x86_64 1.1-3 14.47 95.35 109.82 OK
r-patched-solaris-x86 1.1-3 171.60 OK
r-release-linux-x86_64 1.1-3 14.01 97.06 111.07 OK
r-release-windows-ix86+x86_64 1.1-3 25.00 141.00 166.00 OK
r-release-osx-x86_64 1.1-3 OK
r-oldrel-windows-ix86+x86_64 1.1-3 16.00 145.00 161.00 OK
r-oldrel-osx-x86_64 1.1-3 OK

Check Details

Version: 1.1-3
Check: for non-standard things in the check directory
Result: NOTE
    Found the following files/directories:
     'test.html' 'test.rda'
Flavors: r-devel-linux-x86_64-debian-clang, r-devel-linux-x86_64-debian-gcc, r-devel-linux-x86_64-fedora-clang, r-devel-linux-x86_64-fedora-gcc