CRAN Package Check Results for Package DoE.wrapper

Last updated on 2022-08-10 18:52:28 CEST.

Flavor Version Tinstall Tcheck Ttotal Status Flags
r-devel-linux-x86_64-debian-clang 0.11 8.29 113.24 121.53 NOTE
r-devel-linux-x86_64-debian-gcc 0.11 5.07 85.16 90.23 NOTE
r-devel-linux-x86_64-fedora-clang 0.11 158.36 NOTE
r-devel-linux-x86_64-fedora-gcc 0.11 165.56 NOTE
r-devel-windows-x86_64 0.11 22.00 134.00 156.00 NOTE
r-patched-linux-x86_64 0.11 8.86 107.39 116.25 NOTE
r-release-linux-x86_64 0.11 NOTE
r-release-macos-arm64 0.11 43.00 NOTE
r-release-macos-x86_64 0.11 61.00 NOTE
r-release-windows-x86_64 0.11 29.00 135.00 164.00 NOTE
r-oldrel-macos-arm64 0.11 48.00 NOTE
r-oldrel-macos-x86_64 0.11 66.00 NOTE
r-oldrel-windows-ix86+x86_64 0.11 24.00 127.00 151.00 NOTE

Check Details

Version: 0.11
Check: LazyData
Result: NOTE
     'LazyData' is specified without a 'data' directory
Flavors: r-devel-linux-x86_64-debian-clang, r-devel-linux-x86_64-debian-gcc, r-devel-linux-x86_64-fedora-clang, r-devel-linux-x86_64-fedora-gcc, r-devel-windows-x86_64, r-patched-linux-x86_64, r-release-linux-x86_64, r-release-macos-arm64, r-release-macos-x86_64, r-release-windows-x86_64, r-oldrel-macos-arm64, r-oldrel-macos-x86_64, r-oldrel-windows-ix86+x86_64