CRAN Package Check Results for Package Dowd

Last updated on 2019-03-23 09:47:48 CET.

Flavor Version Tinstall Tcheck Ttotal Status Flags
r-devel-linux-x86_64-debian-clang 0.12 15.95 101.64 117.59 OK
r-devel-linux-x86_64-debian-gcc 0.12 12.63 78.99 91.62 OK
r-devel-linux-x86_64-fedora-clang 0.12 138.26 OK
r-devel-linux-x86_64-fedora-gcc 0.12 133.56 OK
r-devel-windows-ix86+x86_64 0.12 39.00 148.00 187.00 OK
r-patched-linux-x86_64 0.12 11.22 99.42 110.64 OK
r-patched-solaris-x86 0.12 179.10 OK
r-release-linux-x86_64 0.12 0.60 4.42 5.02 ERROR
r-release-windows-ix86+x86_64 0.12 24.00 111.00 135.00 OK
r-release-osx-x86_64 0.12 OK
r-oldrel-windows-ix86+x86_64 0.12 24.00 179.00 203.00 OK
r-oldrel-osx-x86_64 0.12 OK

Check Details

Version: 0.12
Check: whether package can be installed
Result: ERROR
    Installation failed.
Flavor: r-release-linux-x86_64