CRAN Package Check Results for Package Dowd

Last updated on 2024-02-26 04:49:25 CET.

Flavor Version Tinstall Tcheck Ttotal Status Flags
r-devel-linux-x86_64-debian-clang 0.12 16.68 146.97 163.65 OK
r-devel-linux-x86_64-debian-gcc 0.12 16.52 107.10 123.62 OK
r-devel-linux-x86_64-fedora-clang 0.12 221.15 OK
r-devel-linux-x86_64-fedora-gcc 0.12 193.58 OK
r-devel-windows-x86_64 0.12 18.00 144.00 162.00 OK
r-patched-linux-x86_64 0.12 14.52 141.06 155.58 OK
r-release-linux-x86_64 0.12 16.22 139.64 155.86 OK
r-release-macos-arm64 0.12 55.00 OK
r-release-macos-x86_64 0.12 97.00 NOTE
r-release-windows-x86_64 0.12 25.00 176.00 201.00 OK
r-oldrel-macos-arm64 0.12 47.00 OK
r-oldrel-windows-x86_64 0.12 24.00 156.00 180.00 OK

Check Details

Version: 0.12
Check: package dependencies
Result: NOTE Package suggested but not available for checking: ‘PerformanceAnalytics’ Flavor: r-release-macos-x86_64