Last updated on 2023-12-11 19:53:42 CET.
Flavor | Version | Tinstall | Tcheck | Ttotal | Status | Flags |
---|---|---|---|---|---|---|
r-devel-linux-x86_64-debian-clang | 0.2.2 | 97.15 | 58.59 | 155.74 | NOTE | |
r-devel-linux-x86_64-debian-gcc | 0.2.2 | 59.77 | 44.12 | 103.89 | NOTE | |
r-devel-linux-x86_64-fedora-clang | 0.2.2 | 238.60 | NOTE | |||
r-devel-linux-x86_64-fedora-gcc | 0.2.2 | 228.70 | NOTE | |||
r-devel-windows-x86_64 | 0.2.2 | 75.00 | 112.00 | 187.00 | NOTE | |
r-patched-linux-x86_64 | 0.2.2 | 78.29 | 57.17 | 135.46 | NOTE | |
r-release-linux-x86_64 | 0.2.2 | 73.33 | 57.47 | 130.80 | NOTE | |
r-release-macos-arm64 | 0.2.2 | 65.00 | NOTE | |||
r-release-macos-x86_64 | 0.2.2 | 102.00 | NOTE | |||
r-release-windows-x86_64 | 0.2.2 | 95.00 | 117.00 | 212.00 | NOTE | |
r-oldrel-macos-arm64 | 0.2.2 | 58.00 | NOTE | |||
r-oldrel-macos-x86_64 | 0.2.2 | 69.00 | NOTE | |||
r-oldrel-windows-x86_64 | 0.2.2 | 89.00 | 117.00 | 206.00 | NOTE |
Version: 0.2.2
Check: C++ specification
Result: NOTE
Specified C++11: please drop specification unless essential
Flavors: r-devel-linux-x86_64-debian-clang, r-devel-linux-x86_64-debian-gcc, r-devel-linux-x86_64-fedora-clang, r-devel-linux-x86_64-fedora-gcc, r-devel-windows-x86_64, r-patched-linux-x86_64, r-release-linux-x86_64, r-release-macos-arm64, r-release-macos-x86_64, r-release-windows-x86_64
Version: 0.2.2
Check: LazyData
Result: NOTE
'LazyData' is specified without a 'data' directory
Flavors: r-devel-linux-x86_64-debian-clang, r-devel-linux-x86_64-debian-gcc, r-devel-linux-x86_64-fedora-clang, r-devel-linux-x86_64-fedora-gcc, r-devel-windows-x86_64, r-patched-linux-x86_64, r-release-linux-x86_64, r-release-macos-arm64, r-release-macos-x86_64, r-release-windows-x86_64, r-oldrel-macos-arm64, r-oldrel-macos-x86_64, r-oldrel-windows-x86_64