CRAN Package Check Results for Package Durga

Last updated on 2024-07-16 17:49:06 CEST.

Flavor Version Tinstall Tcheck Ttotal Status Flags
r-devel-linux-x86_64-debian-clang 2.0 4.19 232.37 236.56 OK
r-devel-linux-x86_64-debian-gcc 2.0 3.51 154.67 158.18 OK
r-devel-linux-x86_64-fedora-clang 2.0 278.28 OK
r-devel-linux-x86_64-fedora-gcc 2.0 275.08 OK
r-devel-windows-x86_64 2.0 5.00 173.00 178.00 NOTE
r-patched-linux-x86_64 2.0 4.83 214.80 219.63 OK
r-release-linux-x86_64 2.0 4.88 214.39 219.27 OK
r-release-macos-arm64 2.0 72.00 OK
r-release-macos-x86_64 2.0 119.00 OK
r-release-windows-x86_64 2.0 5.00 169.00 174.00 OK
r-oldrel-macos-arm64 2.0 99.00 OK
r-oldrel-macos-x86_64 2.0 231.00 OK
r-oldrel-windows-x86_64 2.0 7.00 208.00 215.00 OK

Check Details

Version: 2.0
Check: Rd cross-references
Result: NOTE Found the following Rd file(s) with Rd \link{} targets missing package anchors: DurgaPlot.Rd: RColorBrewer Please provide package anchors for all Rd \link{} targets not in the package itself and the base packages. Flavor: r-devel-windows-x86_64