CRAN Package Check Results for Package Dykstra

Last updated on 2020-07-11 20:47:06 CEST.

Flavor Version Tinstall Tcheck Ttotal Status Flags
r-devel-linux-x86_64-debian-clang 1.0-0 2.05 18.53 20.58 OK
r-devel-linux-x86_64-debian-gcc 1.0-0 1.41 14.72 16.13 OK
r-devel-linux-x86_64-fedora-clang 1.0-0 34.65 NOTE
r-devel-linux-x86_64-fedora-gcc 1.0-0 24.46 OK
r-devel-windows-ix86+x86_64 1.0-0 6.00 29.00 35.00 OK
r-patched-linux-x86_64 1.0-0 2.09 18.64 20.73 OK
r-patched-solaris-x86 1.0-0 38.30 OK
r-release-linux-x86_64 1.0-0 1.92 18.64 20.56 OK
r-release-macos-x86_64 1.0-0 OK
r-release-windows-ix86+x86_64 1.0-0 5.00 28.00 33.00 OK
r-oldrel-macos-x86_64 1.0-0 OK
r-oldrel-windows-ix86+x86_64 1.0-0 4.00 40.00 44.00 OK

Check Details

Version: 1.0-0
Check: Rd cross-references
Result: NOTE
    Undeclared package ‘quadprog’ in Rd xrefs
Flavor: r-devel-linux-x86_64-fedora-clang