CRAN Package Check Results for Package DynClust

Last updated on 2020-09-19 00:50:04 CEST.

Flavor Version Tinstall Tcheck Ttotal Status Flags
r-devel-linux-x86_64-debian-clang 3.13 2.77 22.59 25.36 NOTE
r-devel-linux-x86_64-debian-gcc 3.13 1.97 18.11 20.08 NOTE
r-devel-linux-x86_64-fedora-clang 3.13 40.88 NOTE
r-devel-linux-x86_64-fedora-gcc 3.13 32.39 NOTE
r-devel-windows-ix86+x86_64 3.13 6.00 41.00 47.00 NOTE
r-patched-linux-x86_64 3.13 2.80 22.68 25.48 NOTE
r-patched-solaris-x86 3.13 46.90 NOTE
r-release-linux-x86_64 3.13 2.74 22.50 25.24 NOTE
r-release-macos-x86_64 3.13 NOTE
r-release-windows-ix86+x86_64 3.13 5.00 35.00 40.00 NOTE
r-oldrel-macos-x86_64 3.13 NOTE
r-oldrel-windows-ix86+x86_64 3.13 5.00 51.00 56.00 NOTE

Check Details

Version: 3.13
Check: R code for possible problems
Result: NOTE
    MultiTestH0 : MultiTestOneColumn: no visible global function definition
     for 'pchisq'
    RunClustering : CheckClusterNew: no visible global function definition
     for 'qchisq'
    RunClustering: no visible global function definition for 'qchisq'
    RunDenoising: no visible binding for global variable 'var'
    RunDenoising: no visible global function definition for 'qchisq'
    RunDenoising: no visible binding for global variable 'median'
    RunDenoising: no visible global function definition for 'var'
    RunDenoising : buildEstimate: no visible global function definition for
     'qchisq'
    Undefined global functions or variables:
     median pchisq qchisq var
    Consider adding
     importFrom("stats", "median", "pchisq", "qchisq", "var")
    to your NAMESPACE file.
Flavors: r-devel-linux-x86_64-debian-clang, r-devel-linux-x86_64-debian-gcc, r-devel-linux-x86_64-fedora-clang, r-devel-linux-x86_64-fedora-gcc, r-devel-windows-ix86+x86_64, r-patched-linux-x86_64, r-patched-solaris-x86, r-release-linux-x86_64, r-release-macos-x86_64, r-release-windows-ix86+x86_64, r-oldrel-macos-x86_64, r-oldrel-windows-ix86+x86_64