CRAN Package Check Results for Package DysPIAData

Last updated on 2024-04-20 01:49:54 CEST.

Flavor Version Tinstall Tcheck Ttotal Status Flags
r-devel-linux-x86_64-debian-clang 0.1.2 2.05 33.12 35.17 OK
r-devel-linux-x86_64-debian-gcc 0.1.2 OK
r-devel-linux-x86_64-fedora-clang 0.1.2 43.89 NOTE
r-devel-linux-x86_64-fedora-gcc 0.1.2 42.92 NOTE
r-prerel-macos-arm64 0.1.2 17.00 OK
r-prerel-windows-x86_64 0.1.2 3.00 44.00 47.00 OK
r-patched-linux-x86_64 0.1.2 2.14 31.62 33.76 OK
r-release-linux-x86_64 0.1.2 2.23 31.51 33.74 OK
r-release-macos-arm64 0.1.2 20.00 OK
r-release-macos-x86_64 0.1.2 28.00 OK
r-release-windows-x86_64 0.1.2 4.00 46.00 50.00 OK
r-oldrel-macos-arm64 0.1.2 20.00 OK
r-oldrel-windows-x86_64 0.1.2 7.00 55.00 62.00 OK

Check Details

Version: 0.1.2
Check: data for non-ASCII characters
Result: NOTE Note: found 9 marked UTF-8 strings Flavors: r-devel-linux-x86_64-fedora-clang, r-devel-linux-x86_64-fedora-gcc