Last updated on 2023-12-01 00:51:54 CET.
Flavor | Version | Tinstall | Tcheck | Ttotal | Status | Flags |
---|---|---|---|---|---|---|
r-devel-linux-x86_64-debian-clang | 0.2.3 | 42.04 | 237.86 | 279.90 | NOTE | |
r-devel-linux-x86_64-debian-gcc | 0.2.3 | 28.81 | 181.16 | 209.97 | NOTE | |
r-devel-linux-x86_64-fedora-clang | 0.2.3 | 351.95 | NOTE | |||
r-devel-linux-x86_64-fedora-gcc | 0.2.3 | 363.80 | NOTE | |||
r-devel-windows-x86_64 | 0.2.3 | 33.00 | 224.00 | 257.00 | NOTE | |
r-patched-linux-x86_64 | 0.2.3 | 35.93 | 232.25 | 268.18 | NOTE | |
r-release-linux-x86_64 | 0.2.3 | 36.51 | 232.99 | 269.50 | NOTE | |
r-release-macos-arm64 | 0.2.3 | 96.00 | NOTE | |||
r-release-macos-x86_64 | 0.2.3 | 165.00 | NOTE | |||
r-release-windows-x86_64 | 0.2.3 | 42.00 | 281.00 | 323.00 | NOTE | |
r-oldrel-macos-arm64 | 0.2.3 | 77.00 | NOTE | |||
r-oldrel-macos-x86_64 | 0.2.3 | 117.00 | NOTE | |||
r-oldrel-windows-x86_64 | 0.2.3 | 42.00 | 270.00 | 312.00 | NOTE |
Version: 0.2.3
Check: Rd files
Result: NOTE
checkRd: (-1) MHLS.Rd:48-51: Lost braces in \itemize; meant \describe ?
checkRd: (-1) MHLS.Rd:52: Lost braces in \itemize; meant \describe ?
checkRd: (-1) MHLS.Rd:53-54: Lost braces in \itemize; meant \describe ?
checkRd: (-1) MHLS.Rd:55-56: Lost braces in \itemize; meant \describe ?
checkRd: (-1) MHLS.Rd:75: Lost braces; missing escapes or markup?
75 | From the initial values, \code{B0} and {S0}, \code{\link{MHLS}} draws \code{beta} and \code{subgrad} samples.
| ^
Flavors: r-devel-linux-x86_64-debian-clang, r-devel-linux-x86_64-debian-gcc
Version: 0.2.3
Check: LazyData
Result: NOTE
'LazyData' is specified without a 'data' directory
Flavors: r-devel-linux-x86_64-debian-clang, r-devel-linux-x86_64-debian-gcc, r-devel-linux-x86_64-fedora-clang, r-devel-linux-x86_64-fedora-gcc, r-devel-windows-x86_64, r-patched-linux-x86_64, r-release-linux-x86_64, r-release-macos-arm64, r-release-macos-x86_64, r-release-windows-x86_64, r-oldrel-macos-arm64, r-oldrel-macos-x86_64, r-oldrel-windows-x86_64