Last updated on 2022-05-17 11:49:38 CEST.
Flavor | Version | Tinstall | Tcheck | Ttotal | Status | Flags |
---|---|---|---|---|---|---|
r-devel-linux-x86_64-debian-clang | 1.0.2 | 36.21 | 128.94 | 165.15 | OK | |
r-devel-linux-x86_64-debian-gcc | 1.0.2 | 27.52 | 95.15 | 122.67 | OK | |
r-devel-linux-x86_64-fedora-clang | 1.0.2 | 207.67 | NOTE | |||
r-devel-linux-x86_64-fedora-gcc | 1.0.2 | 193.69 | NOTE | |||
r-devel-windows-x86_64 | 1.0.2 | 96.00 | 166.00 | 262.00 | OK | |
r-patched-linux-x86_64 | 1.0.2 | 28.60 | 120.13 | 148.73 | OK | |
r-release-linux-x86_64 | 1.0.2 | 26.26 | 120.98 | 147.24 | OK | |
r-release-macos-arm64 | 1.0.2 | 54.00 | NOTE | |||
r-release-macos-x86_64 | 1.0.2 | 89.00 | NOTE | |||
r-release-windows-x86_64 | 1.0.2 | 93.00 | 161.00 | 254.00 | OK | |
r-oldrel-macos-arm64 | 1.0.2 | 59.00 | NOTE | |||
r-oldrel-macos-x86_64 | 1.0.2 | 102.00 | NOTE | |||
r-oldrel-windows-ix86+x86_64 | 1.0.2 | 86.00 | 192.00 | 278.00 | OK |
Version: 1.0.2
Check: dependencies in R code
Result: NOTE
Namespaces in Imports field not imported from:
‘gtools’ ‘separationplot’
All declared Imports should be used.
Flavors: r-devel-linux-x86_64-fedora-clang, r-devel-linux-x86_64-fedora-gcc, r-release-macos-arm64, r-release-macos-x86_64, r-oldrel-macos-arm64, r-oldrel-macos-x86_64