CRAN Package Check Results for Package EBMAforecast

Last updated on 2022-10-02 03:53:02 CEST.

Flavor Version Tinstall Tcheck Ttotal Status Flags
r-devel-linux-x86_64-debian-clang 1.0.2 33.48 122.56 156.04 OK
r-devel-linux-x86_64-debian-gcc 1.0.2 31.17 90.65 121.82 OK
r-devel-linux-x86_64-fedora-clang 1.0.2 212.47 NOTE
r-devel-linux-x86_64-fedora-gcc 1.0.2 198.93 NOTE
r-devel-windows-x86_64 1.0.2 72.00 162.00 234.00 OK
r-patched-linux-x86_64 1.0.2 30.98 112.92 143.90 OK
r-release-linux-x86_64 1.0.2 23.47 113.79 137.26 OK
r-release-macos-arm64 1.0.2 54.00 NOTE
r-release-macos-x86_64 1.0.2 89.00 NOTE
r-release-windows-x86_64 1.0.2 72.00 166.00 238.00 OK
r-oldrel-macos-arm64 1.0.2 59.00 NOTE
r-oldrel-macos-x86_64 1.0.2 102.00 NOTE
r-oldrel-windows-ix86+x86_64 1.0.2 87.00 193.00 280.00 OK

Check Details

Version: 1.0.2
Check: dependencies in R code
Result: NOTE
    Namespaces in Imports field not imported from:
     ‘gtools’ ‘separationplot’
     All declared Imports should be used.
Flavors: r-devel-linux-x86_64-fedora-clang, r-devel-linux-x86_64-fedora-gcc, r-release-macos-arm64, r-release-macos-x86_64, r-oldrel-macos-arm64, r-oldrel-macos-x86_64