CRAN Package Check Results for Package EBglmnet

Last updated on 2020-04-03 22:50:26 CEST.

Flavor Version Tinstall Tcheck Ttotal Status Flags
r-devel-linux-x86_64-debian-clang 4.1 12.10 83.47 95.57 OK
r-devel-linux-x86_64-debian-gcc 4.1 9.42 64.73 74.15 OK
r-devel-linux-x86_64-fedora-clang 4.1 119.51 NOTE
r-devel-linux-x86_64-fedora-gcc 4.1 115.16 NOTE
r-devel-windows-ix86+x86_64 4.1 32.00 99.00 131.00 OK
r-devel-windows-ix86+x86_64-gcc8 4.1 32.00 112.00 144.00 OK
r-patched-linux-x86_64 4.1 10.23 82.11 92.34 OK
r-patched-solaris-x86 4.1 278.90 OK
r-release-linux-x86_64 4.1 10.23 77.35 87.58 OK
r-release-windows-ix86+x86_64 4.1 29.00 105.00 134.00 OK
r-release-osx-x86_64 4.1 OK
r-oldrel-windows-ix86+x86_64 4.1 37.00 102.00 139.00 OK
r-oldrel-osx-x86_64 4.1 OK

Check Details

Version: 4.1
Check: compiled code
Result: NOTE
    File ‘EBglmnet/libs/EBglmnet.so’:
     Found no calls to: ‘R_registerRoutines’, ‘R_useDynamicSymbols’
    
    It is good practice to register native routines and to disable symbol
    search.
    
    See ‘Writing portable packages’ in the ‘Writing R Extensions’ manual.
Flavors: r-devel-linux-x86_64-fedora-clang, r-devel-linux-x86_64-fedora-gcc