CRAN Package Check Results for Package ECOSolveR

Last updated on 2022-05-19 17:51:24 CEST.

Flavor Version Tinstall Tcheck Ttotal Status Flags
r-devel-linux-x86_64-debian-clang 0.5.4 15.48 48.03 63.51 NOTE
r-devel-linux-x86_64-debian-gcc 0.5.4 11.06 37.18 48.24 NOTE
r-devel-linux-x86_64-fedora-clang 0.5.4 77.87 NOTE
r-devel-linux-x86_64-fedora-gcc 0.5.4 74.10 NOTE
r-devel-windows-x86_64 0.5.4 113.00 76.00 189.00 NOTE
r-patched-linux-x86_64 0.5.4 11.77 46.65 58.42 NOTE
r-release-linux-x86_64 0.5.4 10.23 46.09 56.32 NOTE
r-release-macos-arm64 0.5.4 27.00 NOTE
r-release-macos-x86_64 0.5.4 41.00 NOTE
r-release-windows-x86_64 0.5.4 173.00 75.00 248.00 NOTE
r-oldrel-macos-arm64 0.5.4 54.00 NOTE
r-oldrel-macos-x86_64 0.5.4 58.00 NOTE
r-oldrel-windows-ix86+x86_64 0.5.4 70.00 86.00 156.00 NOTE

Check Details

Version: 0.5.4
Check: for GNU extensions in Makefiles
Result: NOTE
    GNU make is a SystemRequirements.
Flavors: r-devel-linux-x86_64-debian-clang, r-devel-linux-x86_64-debian-gcc, r-devel-linux-x86_64-fedora-clang, r-devel-linux-x86_64-fedora-gcc, r-devel-windows-x86_64, r-patched-linux-x86_64, r-release-linux-x86_64, r-release-macos-arm64, r-release-macos-x86_64, r-release-windows-x86_64, r-oldrel-macos-arm64, r-oldrel-macos-x86_64, r-oldrel-windows-ix86+x86_64