CRAN Package Check Results for Package ECOSolveR

Last updated on 2020-04-02 17:50:53 CEST.

Flavor Version Tinstall Tcheck Ttotal Status Flags
r-devel-linux-x86_64-debian-clang 0.5.3 15.64 34.63 50.27 NOTE
r-devel-linux-x86_64-debian-gcc 0.5.3 8.89 26.77 35.66 NOTE
r-devel-linux-x86_64-fedora-clang 0.5.3 60.75 NOTE
r-devel-linux-x86_64-fedora-gcc 0.5.3 56.76 NOTE
r-devel-windows-ix86+x86_64 0.5.3 53.00 59.00 112.00 NOTE
r-devel-windows-ix86+x86_64-gcc8 0.5.3 62.00 68.00 130.00 NOTE
r-patched-linux-x86_64 0.5.3 10.21 32.70 42.91 NOTE
r-patched-solaris-x86 0.5.3 116.70 NOTE
r-release-linux-x86_64 0.5.3 10.84 31.15 41.99 NOTE
r-release-windows-ix86+x86_64 0.5.3 53.00 63.00 116.00 NOTE
r-release-osx-x86_64 0.5.3 NOTE
r-oldrel-windows-ix86+x86_64 0.5.3 102.00 59.00 161.00 NOTE
r-oldrel-osx-x86_64 0.5.3 NOTE

Check Details

Version: 0.5.3
Check: for GNU extensions in Makefiles
Result: NOTE
    GNU make is a SystemRequirements.
Flavors: r-devel-linux-x86_64-debian-clang, r-devel-linux-x86_64-debian-gcc, r-devel-linux-x86_64-fedora-clang, r-devel-linux-x86_64-fedora-gcc, r-devel-windows-ix86+x86_64, r-devel-windows-ix86+x86_64-gcc8, r-patched-linux-x86_64, r-patched-solaris-x86, r-release-linux-x86_64, r-release-windows-ix86+x86_64, r-release-osx-x86_64, r-oldrel-windows-ix86+x86_64, r-oldrel-osx-x86_64